{"id":1085,"date":"2010-05-20T13:06:42","date_gmt":"2010-05-20T12:06:42","guid":{"rendered":"http:\/\/www.heimatverein-gahlen.de\/heimatverein\/?page_id=1085"},"modified":"2021-02-16T13:44:48","modified_gmt":"2021-02-16T12:44:48","slug":"fahrrad-ag","status":"publish","type":"page","link":"https:\/\/www.heimatverein-gahlen.de\/heimatverein\/?page_id=1085","title":{"rendered":"Fahrrad-AG"},"content":{"rendered":"<h2 style=\"text-align: center;\"><span style=\"font-size: large;\">Fahrrad-AG<\/span><\/h2>\n<p style=\"text-align: center;\">Die Fahrrad-AG des Heimatvereins Gahlen besteht jetzt bereits 10 Jahre. Begonnen hat alles am 15. Mai 2010 mit einer \u201eGanztagesradtour\u201c zum \u201eCentro Oberhausen\u201c. P\u00fcnktlich um 10.00 Uhr starteten 22 Teilnehmer vom Parkplatz T\u00f6rkentreck in Richtung \u201eCentro\u201c. Die Tour war von Mathilde und Antonius Jansen so ausgerichtet worden, dass alle 12 bis 15 km eine Pause gemacht wurde. Die erste Pause war am Gemeindehaus in Grafenwald. Danach ging es gegen 11.15 Uhr weiter in Richtung Oberhausen. Kurz nach 12.00 Uhr war das Ziel erreicht und die Teilnehmer kehrten geschlossen im Brauhaus ein. Nach der Mittagspause ging es zur\u00fcck mit einer leicht ge\u00e4nderten Route und am Vereinsheim des VFL Grafenwald wurde eine kleine Kaffeepause eingelegt. Gegen 17 Uhr war die<br \/>\nGruppe auf dem Hof von Aletta Hemmert-Halswick angekommen und ein gem\u00fctlicher Grillabend bildete den Abschluss. Keinem der Teilnehmer, selbst der j\u00fcngsten Teilnehmerin Sonja Jansen (8 Jahre) und<br \/>\nder \u00e4ltesten Teilnehmerin Lore H\u00f6chst (82 Jahre) kam es wie 50 km Fahrstrecke vor, die haupts\u00e4chlich \u00fcber Wirtschafts- und Radwege f\u00fchrte. Da diese Tour so gut angekommen war, waren sich alle Beteiligten einig, dass es nicht bei dieser Tour bleiben sollte. Im Herbst wurde dann noch eine \u201eHalbtagesradtour\u201c durchgef\u00fchrt. Ab dem Jahr 2011 bis heute werden in den Monaten April bis Oktober jeweils am 2. Dienstag im Monat um 14.00 Uhr Radtouren durchgef\u00fchrt. Zus\u00e4tzlich eine \u201eGanztagesradtour\u201c j\u00e4hrlich an einem Sonntag mit Starttermin um 10.00 Uhr ab T\u00f6rkentreck.<\/p>\n<p style=\"text-align: center;\"><img loading=\"lazy\" class=\"aligncenter size-full wp-image-1082\" title=\"Fahrrad AG 15.5.2010\" src=\"http:\/\/www.heimatverein-gahlen.de\/heimatverein\/wp-content\/uploads\/Fahrrad-AG-15.5.2010.jpg\" alt=\"Fahrrad AG 15.5.2010\" width=\"639\" height=\"410\" srcset=\"https:\/\/www.heimatverein-gahlen.de\/heimatverein\/wp-content\/uploads\/Fahrrad-AG-15.5.2010.jpg 987w, https:\/\/www.heimatverein-gahlen.de\/heimatverein\/wp-content\/uploads\/Fahrrad-AG-15.5.2010-300x192.jpg 300w\" sizes=\"(max-width: 639px) 100vw, 639px\" \/><\/p>\n<table style=\"width: 415px; height: 177px;\" border=\"0\">\n<tbody>\n<tr>\n<td style=\"border-style: solid; border-width: 1px; text-align: center; background-color: #f5deb3;\"><strong>Termine<\/strong><em><br \/>\n<\/em><\/td>\n<td style=\"border-style: solid; border-width: 1px; text-align: center; background-color: #f5deb3;\">April \u2013 Oktober 2. Dienstag im Monat, 14 Uhr \/ eine Ganztagesradtour j\u00e4hrlich<\/td>\n<\/tr>\n<tr>\n<td style=\"border-style: solid; border-width: 1px; text-align: center; background-color: #f5deb3;\"><strong>Leitung<\/strong><\/td>\n<td style=\"border-style: solid; border-width: 1px; text-align: center; background-color: #f5deb3;\">Mathilde und Antonius Jansen<\/td>\n<\/tr>\n<tr>\n<td style=\"border-style: solid; border-width: 1px; text-align: center; background-color: #f5deb3;\"><strong>Mitglieder<\/strong><em><br \/>\n<\/em><\/td>\n<td style=\"border-style: solid; border-width: 1px; text-align: center; background-color: #f5deb3;\">Jeder, der Fahrrad fahren kann, ist willkommen.<\/td>\n<\/tr>\n<\/tbody>\n<\/table>\n<p style=\"text-align: left;\"><em>&nbsp;<\/em><\/p>\n","protected":false},"excerpt":{"rendered":"<p>Fahrrad-AG Die Fahrrad-AG des Heimatvereins Gahlen besteht jetzt bereits 10 Jahre. Begonnen hat alles am 15. Mai 2010 mit einer \u201eGanztagesradtour\u201c zum \u201eCentro Oberhausen\u201c. P\u00fcnktlich um 10.00 Uhr starteten 22 Teilnehmer vom Parkplatz T\u00f6rkentreck in Richtung \u201eCentro\u201c. Die Tour war von Mathilde und Antonius Jansen so ausgerichtet worden, dass alle 12 bis 15 km eine [&hellip;]<\/p>\n","protected":false},"author":1,"featured_media":0,"parent":0,"menu_order":0,"comment_status":"open","ping_status":"open","template":"","meta":{"ngg_post_thumbnail":0},"_links":{"self":[{"href":"https:\/\/www.heimatverein-gahlen.de\/heimatverein\/index.php?rest_route=\/wp\/v2\/pages\/1085"}],"collection":[{"href":"https:\/\/www.heimatverein-gahlen.de\/heimatverein\/index.php?rest_route=\/wp\/v2\/pages"}],"about":[{"href":"https:\/\/www.heimatverein-gahlen.de\/heimatverein\/index.php?rest_route=\/wp\/v2\/types\/page"}],"author":[{"embeddable":true,"href":"https:\/\/www.heimatverein-gahlen.de\/heimatverein\/index.php?rest_route=\/wp\/v2\/users\/1"}],"replies":[{"embeddable":true,"href":"https:\/\/www.heimatverein-gahlen.de\/heimatverein\/index.php?rest_route=%2Fwp%2Fv2%2Fcomments&post=1085"}],"version-history":[{"count":0,"href":"https:\/\/www.heimatverein-gahlen.de\/heimatverein\/index.php?rest_route=\/wp\/v2\/pages\/1085\/revisions"}],"wp:attachment":[{"href":"https:\/\/www.heimatverein-gahlen.de\/heimatverein\/index.php?rest_route=%2Fwp%2Fv2%2Fmedia&parent=1085"}],"curies":[{"name":"wp","href":"https:\/\/api.w.org\/{rel}","templated":true}]}}

<h2 style="text-align: center;"><span style="font-size: large;">Fahrrad-AG</span></h2>
<p style="text-align: center;">Die Fahrrad-AG des Heimatvereins Gahlen besteht jetzt bereits 10 Jahre. Begonnen hat alles am 15. Mai 2010 mit einer „Ganztagesradtour“ zum „Centro Oberhausen“. Pünktlich um 10.00 Uhr starteten 22 Teilnehmer vom Parkplatz Törkentreck in Richtung „Centro“. Die Tour war von Mathilde und Antonius Jansen so ausgerichtet worden, dass alle 12 bis 15 km eine Pause gemacht wurde. Die erste Pause war am Gemeindehaus in Grafenwald. Danach ging es gegen 11.15 Uhr weiter in Richtung Oberhausen. Kurz nach 12.00 Uhr war das Ziel erreicht und die Teilnehmer kehrten geschlossen im Brauhaus ein. Nach der Mittagspause ging es zurück mit einer leicht geänderten Route und am Vereinsheim des VFL Grafenwald wurde eine kleine Kaffeepause eingelegt. Gegen 17 Uhr war die<br />
Gruppe auf dem Hof von Aletta Hemmert-Halswick angekommen und ein gemütlicher Grillabend bildete den Abschluss. Keinem der Teilnehmer, selbst der jüngsten Teilnehmerin Sonja Jansen (8 Jahre) und<br />
der ältesten Teilnehmerin Lore Höchst (82 Jahre) kam es wie 50 km Fahrstrecke vor, die hauptsächlich über Wirtschafts- und Radwege führte. Da diese Tour so gut angekommen war, waren sich alle Beteiligten einig, dass es nicht bei dieser Tour bleiben sollte. Im Herbst wurde dann noch eine „Halbtagesradtour“ durchgeführt. Ab dem Jahr 2011 bis heute werden in den Monaten April bis Oktober jeweils am 2. Dienstag im Monat um 14.00 Uhr Radtouren durchgeführt. Zusätzlich eine „Ganztagesradtour“ jährlich an einem Sonntag mit Starttermin um 10.00 Uhr ab Törkentreck.</p>
<p style="text-align: center;"><img loading="lazy" class="aligncenter size-full wp-image-1082" title="Fahrrad AG 15.5.2010" src="http://www.heimatverein-gahlen.de/heimatverein/wp-content/uploads/Fahrrad-AG-15.5.2010.jpg" alt="Fahrrad AG 15.5.2010" width="639" height="410" srcset="https://www.heimatverein-gahlen.de/heimatverein/wp-content/uploads/Fahrrad-AG-15.5.2010.jpg 987w, https://www.heimatverein-gahlen.de/heimatverein/wp-content/uploads/Fahrrad-AG-15.5.2010-300x192.jpg 300w" sizes="(max-width: 639px) 100vw, 639px" /></p>
<table style="width: 415px; height: 177px;" border="0">
<tbody>
<tr>
<td style="border-style: solid; border-width: 1px; text-align: center; background-color: #f5deb3;"><strong>Termine</strong><em><br />
</em></td>
<td style="border-style: solid; border-width: 1px; text-align: center; background-color: #f5deb3;">April – Oktober 2. Dienstag im Monat, 14 Uhr / eine Ganztagesradtour jährlich</td>
</tr>
<tr>
<td style="border-style: solid; border-width: 1px; text-align: center; background-color: #f5deb3;"><strong>Leitung</strong></td>
<td style="border-style: solid; border-width: 1px; text-align: center; background-color: #f5deb3;">Mathilde und Antonius Jansen</td>
</tr>
<tr>
<td style="border-style: solid; border-width: 1px; text-align: center; background-color: #f5deb3;"><strong>Mitglieder</strong><em><br />
</em></td>
<td style="border-style: solid; border-width: 1px; text-align: center; background-color: #f5deb3;">Jeder, der Fahrrad fahren kann, ist willkommen.</td>
</tr>
</tbody>
</table>
<p style="text-align: left;"><em>&nbsp;</em></p>

<p>Fahrrad-AG Die Fahrrad-AG des Heimatvereins Gahlen besteht jetzt bereits 10 Jahre. Begonnen hat alles am 15. Mai 2010 mit einer „Ganztagesradtour“ zum „Centro Oberhausen“. Pünktlich um 10.00 Uhr starteten 22 Teilnehmer vom Parkplatz Törkentreck in Richtung „Centro“. Die Tour war von Mathilde und Antonius Jansen so ausgerichtet worden, dass alle 12 bis 15 km eine [&hellip;]</p>
