{"id":1908,"date":"2016-08-08T08:56:46","date_gmt":"2016-08-08T07:56:46","guid":{"rendered":"http:\/\/www.heimatverein-gahlen.de\/heimatverein\/?page_id=1908"},"modified":"2021-02-16T14:03:51","modified_gmt":"2021-02-16T13:03:51","slug":"waschweiber","status":"publish","type":"page","link":"https:\/\/www.heimatverein-gahlen.de\/heimatverein\/?page_id=1908","title":{"rendered":"Waschweiber"},"content":{"rendered":"<h2 style=\"text-align: center;\"><strong>Die Waschweiber<\/strong><\/h2>\n<table border=\"0\">\n<tbody>\n<tr>\n<td colspan=\"2\" align=\"center\">Wie wurde fr\u00fcher W\u00e4sche gewaschen, gebleicht, gemangelt? Diese AG zeigt den Interessierten auf unseren Veranstaltungen, wie m\u00fchsam es fr\u00fcher war, die W\u00e4sche zu reinigen und zu pflegen. Die Vorf\u00fchrungen sind immer gut besucht und auch die Kinder sind begeistert, wenn sie die &#8222;Waschweiber&#8220; bei der Arbeit sehen!<\/td>\n<\/tr>\n<tr>\n<td colspan=\"2\">&nbsp;<\/td>\n<\/tr>\n<tr>\n<td align=\"center\"><strong>Termine<\/strong><\/td>\n<td align=\"center\">Die Waschweiber treffen sich immer jedes Jahr zum Tennenfest.<\/td>\n<\/tr>\n<tr>\n<td colspan=\"1\">&nbsp;<\/td>\n<td colspan=\"1\"><a href=\"http:\/\/www.heimatverein-gahlen.de\/heimatverein\/wp-content\/uploads\/2011_Waschweiber_01b.jpg\"><img loading=\"lazy\" class=\"aligncenter  wp-image-2193\" src=\"http:\/\/www.heimatverein-gahlen.de\/heimatverein\/wp-content\/uploads\/2011_Waschweiber_01b.jpg\" alt=\"2011_Waschweiber_01b\" width=\"526\" height=\"381\" srcset=\"https:\/\/www.heimatverein-gahlen.de\/heimatverein\/wp-content\/uploads\/2011_Waschweiber_01b.jpg 1543w, https:\/\/www.heimatverein-gahlen.de\/heimatverein\/wp-content\/uploads\/2011_Waschweiber_01b-300x217.jpg 300w, https:\/\/www.heimatverein-gahlen.de\/heimatverein\/wp-content\/uploads\/2011_Waschweiber_01b-1024x741.jpg 1024w\" sizes=\"(max-width: 526px) 100vw, 526px\" \/><\/a><\/td>\n<\/tr>\n<tr>\n<td align=\"center\"><strong>Leitung&nbsp;<\/strong><\/td>\n<td align=\"center\">Gruppenleiterin ist Sabine H\u00f6chst, 02853\/5432.<\/td>\n<\/tr>\n<tr>\n<td align=\"center\"><strong>Mitglieder<\/strong><\/td>\n<td align=\"center\">Beate Heyne, Anne Ruloff, Iris Jansen<\/td>\n<\/tr>\n<\/tbody>\n<\/table>\n<h2>&nbsp;<\/h2>\n","protected":false},"excerpt":{"rendered":"<p>Die Waschweiber Wie wurde fr\u00fcher W\u00e4sche gewaschen, gebleicht, gemangelt? Diese AG zeigt den Interessierten auf unseren Veranstaltungen, wie m\u00fchsam es fr\u00fcher war, die W\u00e4sche zu reinigen und zu pflegen. Die Vorf\u00fchrungen sind immer gut besucht und auch die Kinder sind begeistert, wenn sie die &#8222;Waschweiber&#8220; bei der Arbeit sehen! &nbsp; Termine Die Waschweiber treffen sich [&hellip;]<\/p>\n","protected":false},"author":1,"featured_media":0,"parent":0,"menu_order":0,"comment_status":"closed","ping_status":"open","template":"","meta":{"ngg_post_thumbnail":0},"_links":{"self":[{"href":"https:\/\/www.heimatverein-gahlen.de\/heimatverein\/index.php?rest_route=\/wp\/v2\/pages\/1908"}],"collection":[{"href":"https:\/\/www.heimatverein-gahlen.de\/heimatverein\/index.php?rest_route=\/wp\/v2\/pages"}],"about":[{"href":"https:\/\/www.heimatverein-gahlen.de\/heimatverein\/index.php?rest_route=\/wp\/v2\/types\/page"}],"author":[{"embeddable":true,"href":"https:\/\/www.heimatverein-gahlen.de\/heimatverein\/index.php?rest_route=\/wp\/v2\/users\/1"}],"replies":[{"embeddable":true,"href":"https:\/\/www.heimatverein-gahlen.de\/heimatverein\/index.php?rest_route=%2Fwp%2Fv2%2Fcomments&post=1908"}],"version-history":[{"count":0,"href":"https:\/\/www.heimatverein-gahlen.de\/heimatverein\/index.php?rest_route=\/wp\/v2\/pages\/1908\/revisions"}],"wp:attachment":[{"href":"https:\/\/www.heimatverein-gahlen.de\/heimatverein\/index.php?rest_route=%2Fwp%2Fv2%2Fmedia&parent=1908"}],"curies":[{"name":"wp","href":"https:\/\/api.w.org\/{rel}","templated":true}]}}

<h2 style="text-align: center;"><strong>Die Waschweiber</strong></h2>
<table border="0">
<tbody>
<tr>
<td colspan="2" align="center">Wie wurde früher Wäsche gewaschen, gebleicht, gemangelt? Diese AG zeigt den Interessierten auf unseren Veranstaltungen, wie mühsam es früher war, die Wäsche zu reinigen und zu pflegen. Die Vorführungen sind immer gut besucht und auch die Kinder sind begeistert, wenn sie die &#8222;Waschweiber&#8220; bei der Arbeit sehen!</td>
</tr>
<tr>
<td colspan="2">&nbsp;</td>
</tr>
<tr>
<td align="center"><strong>Termine</strong></td>
<td align="center">Die Waschweiber treffen sich immer jedes Jahr zum Tennenfest.</td>
</tr>
<tr>
<td colspan="1">&nbsp;</td>
<td colspan="1"><a href="http://www.heimatverein-gahlen.de/heimatverein/wp-content/uploads/2011_Waschweiber_01b.jpg"><img loading="lazy" class="aligncenter  wp-image-2193" src="http://www.heimatverein-gahlen.de/heimatverein/wp-content/uploads/2011_Waschweiber_01b.jpg" alt="2011_Waschweiber_01b" width="526" height="381" srcset="https://www.heimatverein-gahlen.de/heimatverein/wp-content/uploads/2011_Waschweiber_01b.jpg 1543w, https://www.heimatverein-gahlen.de/heimatverein/wp-content/uploads/2011_Waschweiber_01b-300x217.jpg 300w, https://www.heimatverein-gahlen.de/heimatverein/wp-content/uploads/2011_Waschweiber_01b-1024x741.jpg 1024w" sizes="(max-width: 526px) 100vw, 526px" /></a></td>
</tr>
<tr>
<td align="center"><strong>Leitung&nbsp;</strong></td>
<td align="center">Gruppenleiterin ist Sabine Höchst, 02853/5432.</td>
</tr>
<tr>
<td align="center"><strong>Mitglieder</strong></td>
<td align="center">Beate Heyne, Anne Ruloff, Iris Jansen</td>
</tr>
</tbody>
</table>
<h2>&nbsp;</h2>

<p>Die Waschweiber Wie wurde früher Wäsche gewaschen, gebleicht, gemangelt? Diese AG zeigt den Interessierten auf unseren Veranstaltungen, wie mühsam es früher war, die Wäsche zu reinigen und zu pflegen. Die Vorführungen sind immer gut besucht und auch die Kinder sind begeistert, wenn sie die &#8222;Waschweiber&#8220; bei der Arbeit sehen! &nbsp; Termine Die Waschweiber treffen sich [&hellip;]</p>
