{"id":1909,"date":"2016-08-08T08:57:06","date_gmt":"2016-08-08T07:57:06","guid":{"rendered":"http:\/\/www.heimatverein-gahlen.de\/heimatverein\/?page_id=1909"},"modified":"2021-02-16T14:09:14","modified_gmt":"2021-02-16T13:09:14","slug":"naschkatzen","status":"publish","type":"page","link":"https:\/\/www.heimatverein-gahlen.de\/heimatverein\/?page_id=1909","title":{"rendered":"Naschkatzen"},"content":{"rendered":"<h2><strong>Die Naschkatzen<\/strong><\/h2>\n<table style=\"width: 94.2072%; height: 321px;\" border=\"0\">\n<tbody>\n<tr>\n<td style=\"border: 2px solid #f5deb3;\" colspan=\"2\" align=\"center\">Eine der im doppelten Sinne j\u00fcngsten Gruppen sind die \u201eGahlener Naschkatzen\u201c. Beim Schafsmarkt des Jahres 2014 haben f\u00fcnf dieser jungen Frauen als \u201eG\u00f6hlzen Girls\u201c erstmals Lik\u00f6re angeboten und wurden dabei vom Vorstand des Gahlener Heimatvereins entdeckt. Unter dem Dach des Heimatvereins entstand nach langer Suche der neue Gruppenname \u201eGahlener Naschkatzen\u201c mit mittlerweile acht Mitgliedern. Die Herstellung der Lik\u00f6re begann in der K\u00fcche von Lore H\u00f6chst. Beim Panhas- und Wurstebrot-Abend im Januar 2016 boten die \u201eGahlener Naschkatzen\u201c auf dem Platz vor der \u201eOllen Schuer\u201c erstmals \u201eEierlik\u00f6r\u201c, \u201eMaracuja\u201c und \u201eTannenschnaps\u201c f\u00fcr den Heimatverein zum Verzehr und zur Mitnahme an. Ob s\u00fc\u00df, fruchtig oder scharf \u2013 um die Tradition von hausgemachten Spirituosen aufrechtzuerhalten und sie von Generation zu Generation weiterzugeben, treffen sich die \u201eGahlener Naschkatzen\u201c regelm\u00e4\u00dfig und bieten kleine Leckereien bei verschiedenen Veranstaltungen an.&nbsp;<\/td>\n<\/tr>\n<tr>\n<td style=\"border: 1px solid #000000; background-color: #f5deb3;\" align=\"center\"><strong> Termine<\/strong><\/td>\n<td style=\"border: 1px solid #000000; background-color: #f5deb3;\" align=\"center\">flexibel<\/td>\n<\/tr>\n<tr>\n<td style=\"border: 1px solid #000000; background-color: #f5deb3;\" align=\"center\"><strong>Leitung<\/strong><\/td>\n<td style=\"border: 1px solid #000000; background-color: #f5deb3;\" align=\"center\">Sarah H\u00f6chst (Tel. 0172\/2706951)<\/td>\n<\/tr>\n<tr>\n<td style=\"border: 1px solid #000000; background-color: #f5deb3;\" align=\"center\"><strong> Mitglieder<\/strong><\/td>\n<td style=\"border: 1px solid #000000; background-color: #f5deb3;\" align=\"center\">Josy Bomm, Maren Engelmann, Denise Gro\u00dfblotekamp, Ellen Gro\u00dfblotekamp, Sarah H\u00f6chst, Leonie Postert sowie Lisa-Marie Sander<\/td>\n<\/tr>\n<\/tbody>\n<\/table>\n<p>&nbsp;<\/p>\n","protected":false},"excerpt":{"rendered":"<p>Die Naschkatzen Eine der im doppelten Sinne j\u00fcngsten Gruppen sind die \u201eGahlener Naschkatzen\u201c. Beim Schafsmarkt des Jahres 2014 haben f\u00fcnf dieser jungen Frauen als \u201eG\u00f6hlzen Girls\u201c erstmals Lik\u00f6re angeboten und wurden dabei vom Vorstand des Gahlener Heimatvereins entdeckt. Unter dem Dach des Heimatvereins entstand nach langer Suche der neue Gruppenname \u201eGahlener Naschkatzen\u201c mit mittlerweile acht [&hellip;]<\/p>\n","protected":false},"author":1,"featured_media":0,"parent":0,"menu_order":0,"comment_status":"closed","ping_status":"open","template":"","meta":{"ngg_post_thumbnail":0},"_links":{"self":[{"href":"https:\/\/www.heimatverein-gahlen.de\/heimatverein\/index.php?rest_route=\/wp\/v2\/pages\/1909"}],"collection":[{"href":"https:\/\/www.heimatverein-gahlen.de\/heimatverein\/index.php?rest_route=\/wp\/v2\/pages"}],"about":[{"href":"https:\/\/www.heimatverein-gahlen.de\/heimatverein\/index.php?rest_route=\/wp\/v2\/types\/page"}],"author":[{"embeddable":true,"href":"https:\/\/www.heimatverein-gahlen.de\/heimatverein\/index.php?rest_route=\/wp\/v2\/users\/1"}],"replies":[{"embeddable":true,"href":"https:\/\/www.heimatverein-gahlen.de\/heimatverein\/index.php?rest_route=%2Fwp%2Fv2%2Fcomments&post=1909"}],"version-history":[{"count":0,"href":"https:\/\/www.heimatverein-gahlen.de\/heimatverein\/index.php?rest_route=\/wp\/v2\/pages\/1909\/revisions"}],"wp:attachment":[{"href":"https:\/\/www.heimatverein-gahlen.de\/heimatverein\/index.php?rest_route=%2Fwp%2Fv2%2Fmedia&parent=1909"}],"curies":[{"name":"wp","href":"https:\/\/api.w.org\/{rel}","templated":true}]}}

<h2><strong>Die Naschkatzen</strong></h2>
<table style="width: 94.2072%; height: 321px;" border="0">
<tbody>
<tr>
<td style="border: 2px solid #f5deb3;" colspan="2" align="center">Eine der im doppelten Sinne jüngsten Gruppen sind die „Gahlener Naschkatzen“. Beim Schafsmarkt des Jahres 2014 haben fünf dieser jungen Frauen als „Göhlzen Girls“ erstmals Liköre angeboten und wurden dabei vom Vorstand des Gahlener Heimatvereins entdeckt. Unter dem Dach des Heimatvereins entstand nach langer Suche der neue Gruppenname „Gahlener Naschkatzen“ mit mittlerweile acht Mitgliedern. Die Herstellung der Liköre begann in der Küche von Lore Höchst. Beim Panhas- und Wurstebrot-Abend im Januar 2016 boten die „Gahlener Naschkatzen“ auf dem Platz vor der „Ollen Schuer“ erstmals „Eierlikör“, „Maracuja“ und „Tannenschnaps“ für den Heimatverein zum Verzehr und zur Mitnahme an. Ob süß, fruchtig oder scharf – um die Tradition von hausgemachten Spirituosen aufrechtzuerhalten und sie von Generation zu Generation weiterzugeben, treffen sich die „Gahlener Naschkatzen“ regelmäßig und bieten kleine Leckereien bei verschiedenen Veranstaltungen an.&nbsp;</td>
</tr>
<tr>
<td style="border: 1px solid #000000; background-color: #f5deb3;" align="center"><strong> Termine</strong></td>
<td style="border: 1px solid #000000; background-color: #f5deb3;" align="center">flexibel</td>
</tr>
<tr>
<td style="border: 1px solid #000000; background-color: #f5deb3;" align="center"><strong>Leitung</strong></td>
<td style="border: 1px solid #000000; background-color: #f5deb3;" align="center">Sarah Höchst (Tel. 0172/2706951)</td>
</tr>
<tr>
<td style="border: 1px solid #000000; background-color: #f5deb3;" align="center"><strong> Mitglieder</strong></td>
<td style="border: 1px solid #000000; background-color: #f5deb3;" align="center">Josy Bomm, Maren Engelmann, Denise Großblotekamp, Ellen Großblotekamp, Sarah Höchst, Leonie Postert sowie Lisa-Marie Sander</td>
</tr>
</tbody>
</table>
<p>&nbsp;</p>

<p>Die Naschkatzen Eine der im doppelten Sinne jüngsten Gruppen sind die „Gahlener Naschkatzen“. Beim Schafsmarkt des Jahres 2014 haben fünf dieser jungen Frauen als „Göhlzen Girls“ erstmals Liköre angeboten und wurden dabei vom Vorstand des Gahlener Heimatvereins entdeckt. Unter dem Dach des Heimatvereins entstand nach langer Suche der neue Gruppenname „Gahlener Naschkatzen“ mit mittlerweile acht [&hellip;]</p>
