{"id":2,"date":"2009-11-21T17:05:00","date_gmt":"2009-11-21T16:05:00","guid":{"rendered":"http:\/\/www.heimatverein-gahlen.de\/heimatverein\/?page_id=2"},"modified":"2025-04-21T19:55:53","modified_gmt":"2025-04-21T18:55:53","slug":"eine-seite","status":"publish","type":"page","link":"https:\/\/www.heimatverein-gahlen.de\/heimatverein\/","title":{"rendered":"Der Verein"},"content":{"rendered":"<h2 style=\"text-align: center;\"><strong><span style=\"font-size: large;\">Der Verein <\/span><\/strong><\/h2>\n<h3 style=\"text-align: center;\"><span style=\"font-size: medium;\"><strong>Tradition<\/strong><\/span><\/h3>\n<p style=\"text-align: left;\"><span style=\"color: #003300;\"><strong>&#8222;Die Tradition lebt, weil immer wieder junge Leute kommen, die ihren Zauber erfassen und ihr neuen Glanz verleihen.<\/strong><em>&#8220; (Michael Novak)<\/em><\/span><img loading=\"lazy\" class=\"alignright size-medium wp-image-163\" style=\"margin-top: 5px; margin-bottom: 5px;\" title=\"HVG-Wappen\" src=\"http:\/\/www.heimatverein-gahlen.de\/heimatverein\/wp-content\/uploads\/HVG-Wappen-1950-hoch.jpg\" alt=\"HVG-Wappen\" width=\"89\" height=\"111\"><\/p>\n<p style=\"text-align: left;\">Am 5. Februar 1950 wurde im Lokal der Wirtschaft Benninghoven der Verein f\u00fcr Heimatpflege, Wirtschaft und Verkehr der Gemeinde Gahlen gegr\u00fcndet, nachdem ein gro\u00dfer Teil der Gahlener B\u00fcrgerschaft sein lebhaftes Interesse an der Bildung eines solchen bekundet hatte. Zweck des Vereins ist es, das Brauchtum, die Mundart und die heimische Kultur zu pflegen und zu f\u00f6rdern, die Heimatgeschichte Gahlens zu erforschen und sich f\u00fcr den Umwelt-, Landschaft- und Denkmalschutz in Gahlen einzusetzen.<\/p>\n<p><a href=\"http:\/\/www.heimatverein-gahlen.de\/heimatverein\/wp-content\/uploads\/kuerbis-biedermann.jpg\"><img loading=\"lazy\" class=\"size-medium wp-image-1127 alignleft\" style=\"border: 2px solid #000000;\" title=\"Jubil\u00e4umsk\u00fcrbis\" src=\"http:\/\/www.heimatverein-gahlen.de\/heimatverein\/wp-content\/uploads\/kuerbis-biedermann-kleiner-292x300.jpg\" alt=\"Jubil\u00e4umsk\u00fcrbis\" width=\"210\" height=\"216\" srcset=\"https:\/\/www.heimatverein-gahlen.de\/heimatverein\/wp-content\/uploads\/kuerbis-biedermann-kleiner-292x300.jpg 292w, https:\/\/www.heimatverein-gahlen.de\/heimatverein\/wp-content\/uploads\/kuerbis-biedermann-kleiner-996x1024.jpg 996w, https:\/\/www.heimatverein-gahlen.de\/heimatverein\/wp-content\/uploads\/kuerbis-biedermann-kleiner.JPG 1132w\" sizes=\"(max-width: 210px) 100vw, 210px\" \/><\/a><a href=\"http:\/\/www.heimatverein-gahlen.de\/heimatverein\/wp-content\/uploads\/IMG_3194.jpg\"><img loading=\"lazy\" class=\"size-large wp-image-671 alignright\" style=\"border: 2px solid #000000; margin: 10px 3px 10px 3px;\" title=\"Die erste Ehrenamt-Medaille der Gemeinde Schermbeck geht an den Heimatverein\" src=\"http:\/\/www.heimatverein-gahlen.de\/heimatverein\/wp-content\/uploads\/IMG_3194-1024x768.jpg\" alt=\"IMG_3194\" width=\"279\" height=\"210\" srcset=\"https:\/\/www.heimatverein-gahlen.de\/heimatverein\/wp-content\/uploads\/IMG_3194-1024x768.jpg 1024w, https:\/\/www.heimatverein-gahlen.de\/heimatverein\/wp-content\/uploads\/IMG_3194-300x225.jpg 300w\" sizes=\"(max-width: 279px) 100vw, 279px\" \/><\/a><\/p>\n<table style=\"width: 28px; height: 24px; text-align: right;\" border=\"0\">\n<tbody>\n<tr>\n<td><a href=\"http:\/\/www.heimatverein-gahlen.de\/heimatverein\/wp-content\/uploads\/Gruendung-1950-Willi-Erley.jpg\" target=\"_blank\" rel=\"noopener noreferrer\"><img loading=\"lazy\" class=\"size-medium wp-image-681 alignright\" style=\"border: 2px solid #000000;\" title=\"Gr\u00fcndung 1950 Willi Erley\" src=\"http:\/\/www.heimatverein-gahlen.de\/heimatverein\/wp-content\/uploads\/Gruendung-1950-Willi-Erley-224x300.jpg\" alt=\"Gruendung 1950 Willi Erley\" width=\"157\" height=\"210\" srcset=\"https:\/\/www.heimatverein-gahlen.de\/heimatverein\/wp-content\/uploads\/Gruendung-1950-Willi-Erley-224x300.jpg 224w, https:\/\/www.heimatverein-gahlen.de\/heimatverein\/wp-content\/uploads\/Gruendung-1950-Willi-Erley.jpg 320w\" sizes=\"(max-width: 157px) 100vw, 157px\" \/><\/a><\/td>\n<\/tr>\n<\/tbody>\n<\/table>\n<p style=\"text-align: center;\"><span style=\"color: #ffffff;\">.<\/span><\/p>\n<p style=\"text-align: center;\"><a href=\"http:\/\/www.heimatverein-gahlen.de\/heimatverein\/wp-content\/uploads\/Vorstand Maerz 2025.jpg\"><img class=\"aligncenter size-full wp-image-2497\" src=\"http:\/\/www.heimatverein-gahlen.de\/heimatverein\/wp-content\/uploads\/Vorstand Maerz 2025.jpg\"><\/a><\/p>\n<p><strong>Gruppenfoto aus M\u00e4rz 2025 (v.l.n.r.):&nbsp;<\/strong><\/p>\n<div>Rainer Zeppen (Kulturwart), Edith H\u00fclsemann (Beisitzerin), Oliver G\u00fclker (stellv. Schriftf\u00fchrer), Markus Walbrodt (stellv. Vorsitzender), J\u00fcrgen H\u00f6chst (Vorsitzender), Alexander Endemann (Schriftf\u00fchrer), Tom Weber (Kassierer), Lisa-Marie Sander (stellv. Kassiererin), Ludger Jansen (Beisitzer) sowie der B\u00fcrgermeister der Gemeinde Schermbeck Mike Rexforth. Es fehlt: Andre Rademacher (Beisitzer)<span style=\"color: #ffffff;\">. <\/span><\/div>\n<p style=\"margin-bottom: 0cm; text-align: right;\">&nbsp;<\/p>\n<h3 style=\"text-align: center;\"><span style=\"font-size: medium;\"><strong>&#8222;G\u00f6hlzen Fl\u00f6iter&#8220;<\/strong><\/span><\/h3>\n<p style=\"text-align: left;\"><strong><span style=\"font-size: x-small;\">Ein Bericht von D. Bruns aus dem Jahre 1926.<\/span><\/strong><\/p>\n<p style=\"text-align: left;\"><strong><span style=\"font-size: medium;\">Wie die Gahlener zu dem Namen &#8222;G\u00f6hlzen Fl\u00f6iter&#8220; kamen.<\/span><\/strong><\/p>\n<p style=\"text-align: left;\">Die Leute in Gahlen sind so bekannt, da\u00df sie rundum in Dorsten, Kirchhellen, H\u00fcnxe und Gatrop auch von der anderen Seite der Lippe bis nach Wesel hin in Dinslaken und Hiesfeld, Sterkrade und Holten immer nur die &#8222;G\u00f6hlzen Fl\u00f6iter&#8220; genannt wurden. Es ist eine kurze Zeit her, da\u00df man mir erz\u00e4hlt hat warum die Gahlener zu diesem Namen gekommen sind. Ob es nun damit seine Richtigkeit hat kann ich nicht sagen, denn das St\u00fcckchen wurde auf zweierlei Art erz\u00e4hlt. <img loading=\"lazy\" class=\"alignright size-full wp-image-836\" style=\"margin-top: 10px; margin-bottom: 10px; border: 2px solid #000000;\" title=\"Etikett G\u00f6hlzen Fl\u00f6iter\" src=\"http:\/\/www.heimatverein-gahlen.de\/heimatverein\/wp-content\/uploads\/Etikett-Goehlzen-Floeiter.jpg\" alt=\"Etikett Goehlzen Floeiter\" width=\"263\" height=\"175\"><\/p>\n<p style=\"text-align: left;\"><em>Zuerst h\u00f6rte ich es auf folgende Art.<\/em> In fr\u00fcheren Zeiten wurde das Armengeld in der Kirche mit dem Klingelbeutel eingesammelt und jeder tat rein wie es ihm gerade ums Herze war und wie sein Geldbeutel es zulie\u00df. So war das jahrein, jahraus. Jeden Sonntag wenn der Choral gesungen wurde, klingelte der K\u00fcster an den B\u00e4nken vorbei. Nun wollte es das Ungl\u00fcck, da\u00df die Klingel abgerissen war. Der K\u00fcster der mit dem Beutel an den B\u00e4nken vorbei ging, war einer von den ganz schlauen. Das die Leute merkten wenn er mit dem Beutel ohne Klingel kam, fl\u00f6tete er immer fuit, fuit, fuit. Dann taten die singenden M\u00e4nner und Frauen ihr Geld f\u00fcr die Armen in den schwarzen Beutel. Wie lange es gedauert hat, bis die Klingel wieder da war, wei\u00df man nicht. Einmal waren Fremde in der Kirche. Als sie diese Art und Weise sahen, kam ihnen das Lachen an, und von der Zeit an nannte man die Gahlener \u201eG\u00f6hlzen Fl\u00f6iter\u201c.<\/p>\n<p style=\"text-align: left;\"><em>Jetzt die andere Art.<\/em> Zu der Zeit als die Kirschen reif waren, lie\u00df sich der Gahlener Pastor, der immer so gute Kirschen auf seinen B\u00e4umen hatte, einen Jungen aus Schermbeck kommen, der ihm seine Kirschen pfl\u00fccken sollte. Mit einem gro\u00dfen Korb ging es nun in den Kirschenbaum hinein. Und das mu\u00df man sagen, mit Kirschen pfl\u00fccken war der Junge sehr t\u00fcchtig.<img loading=\"lazy\" class=\"alignright size-medium wp-image-856\" style=\"margin-top: 10px; margin-bottom: 10px; border: 2px solid #000000;\" title=\"Sarah H\u00f6chst und Maren Engelmann\" src=\"http:\/\/www.heimatverein-gahlen.de\/heimatverein\/wp-content\/uploads\/Sarah-H\u00f6chst-300x191.jpg\" alt=\"Sarah H\u00f6chst\" width=\"300\" height=\"191\" srcset=\"https:\/\/www.heimatverein-gahlen.de\/heimatverein\/wp-content\/uploads\/Sarah-H\u00f6chst-300x191.jpg 300w, https:\/\/www.heimatverein-gahlen.de\/heimatverein\/wp-content\/uploads\/Sarah-H\u00f6chst.jpg 669w\" sizes=\"(max-width: 300px) 100vw, 300px\" \/> Aber wenn er herunter kam hatte er mal eben den Korbboden bedeckt, daf\u00fcr aber seinen Bauch rund um voll. Davon bekam aber der Pastor nix auf den Haufen. Da bekam der Pastor einen klugen Einfall, und er sagte zu dem Jungen: \u201eVon jetzt an mu\u00dft du beim Kirschenpfl\u00fccken immer fl\u00f6ten\u201c. Das tat denn der Junge auch eine Zeit lang bis er merkte was das f\u00fcr ihn bedeutete. Da war er in eins, zwei, drei wieder unten, stellte dem Pastor den Korb mit Kirschen hin und sagte, \u201ePfl\u00fcckt ihr Gahlener Fl\u00f6ter eure Kirschen doch selbst\u201c. Der B\u00fcrgermeister von Schermbeck, der dem Pastor den Jungen besorgt hatte, hat et ganz dicke hinter den Ohren sitzen. Die schlagfertige Antwort von dem Jungen gefiehl ihm so gut, da\u00df er das St\u00fcckchen \u00fcberall herum erz\u00e4hlte. Er selber sprach niemals mehr von einem Gahlener Bauern immer blo\u00df von einem G\u00f6hlzen Fl\u00f6iter, und er tat sein bestes, da\u00df dieser Name in der ganzen Gegend rund um bekannt wurde.<\/p>\n<h3 style=\"text-align: center;\"><strong><span style=\"font-size: medium;\">Heimatlied<\/span><\/strong><\/h3>\n<p style=\"text-align: left;\"><strong>Gohlen, minne Heimat<\/strong> <span style=\"font-size: xx-small;\">Von Paul Heckermann Melodie: Paul Dowideit <\/span><\/p>\n<p style=\"text-align: left;\">Bor d\u00fcr Feld und Wisse sick de Lippe treckt,<img loading=\"lazy\" class=\"alignright size-full wp-image-699\" style=\"border: 0px none currentColor;\" title=\"Dorfidylle\" src=\"http:\/\/www.heimatverein-gahlen.de\/heimatverein\/wp-content\/uploads\/DSCF5980_30x40.jpg\" alt=\"DSCF5980_30x40\" width=\"332\" height=\"443\" srcset=\"https:\/\/www.heimatverein-gahlen.de\/heimatverein\/wp-content\/uploads\/DSCF5980_30x40.jpg 769w, https:\/\/www.heimatverein-gahlen.de\/heimatverein\/wp-content\/uploads\/DSCF5980_30x40-225x300.jpg 225w, https:\/\/www.heimatverein-gahlen.de\/heimatverein\/wp-content\/uploads\/DSCF5980_30x40-768x1024.jpg 768w\" sizes=\"(max-width: 332px) 100vw, 332px\" \/> Ek un Lindenbohm sick stolt gen Himmel reckt,<br \/>\nbor an klorer Springe steht Erl und Wejenbusch, dor is minne Heimat, dor sin ick te Huss.<\/p>\n<p style=\"text-align: left;\">Bor im D\u00f6rp op H\u00fcgel hoch de K\u00e4rke steht und im depen Grund dat olle M\u00f6llrad geht, bor de Nachtigallen singt im D\u00f6rnenbusch, Heimat, dor in Gohlen steht min Oelderhuss.<\/p>\n<p style=\"text-align: left;\">Bor met Stolt de Buer achtern Plog hergeht, schwor met Frucht belajen Feld und Schuer steht, bor de sch\u00f6nen Frauen nix van Hoffart wet, dor sung enst min Moder mi dat Wegenleed.<\/p>\n<p style=\"text-align: left;\">Gohlen, minne Heimat, an de Lippe Strand, minne asten Schritte stoht in dinnen Sand. Du h\u00e4ss mi geg\u00e4wen minner Kindheit Gl\u00fcck. \u00dcmmer, \u00fcmmer treckt et mi no di ter\u00fcck.<\/p>\n<p style=\"text-align: left;\">Locken mi de Ferne, fr\u00f6mdet Land und Meer, schenken mi de Welt dor Gold und Gl\u00fcck und Ehr\u00b4, f\u00f6hlen ick doch \u00fcmmer dep im Hatten drin, Sehnsucht no de Heimat, donoh stunn min Sinn.<\/p>\n<p style=\"text-align: left;\">Mut ick emal sterwen, Broer, dinne Hand, s\u00f6llt i mi begrawen an de Lippe Strand, dor, bor minne Ahnen f\u00fcnden lesste Roh; dann sin ick in Gohlen, \u00fcmmer, \u00fcmmerto.<\/p>\n","protected":false},"excerpt":{"rendered":"<p>Der Verein Tradition &#8222;Die Tradition lebt, weil immer wieder junge Leute kommen, die ihren Zauber erfassen und ihr neuen Glanz verleihen.&#8220; (Michael Novak) Am 5. Februar 1950 wurde im Lokal der Wirtschaft Benninghoven der Verein f\u00fcr Heimatpflege, Wirtschaft und Verkehr der Gemeinde Gahlen gegr\u00fcndet, nachdem ein gro\u00dfer Teil der Gahlener B\u00fcrgerschaft sein lebhaftes Interesse an [&hellip;]<\/p>\n","protected":false},"author":1,"featured_media":0,"parent":0,"menu_order":1,"comment_status":"open","ping_status":"open","template":"","meta":{"ngg_post_thumbnail":0},"_links":{"self":[{"href":"https:\/\/www.heimatverein-gahlen.de\/heimatverein\/index.php?rest_route=\/wp\/v2\/pages\/2"}],"collection":[{"href":"https:\/\/www.heimatverein-gahlen.de\/heimatverein\/index.php?rest_route=\/wp\/v2\/pages"}],"about":[{"href":"https:\/\/www.heimatverein-gahlen.de\/heimatverein\/index.php?rest_route=\/wp\/v2\/types\/page"}],"author":[{"embeddable":true,"href":"https:\/\/www.heimatverein-gahlen.de\/heimatverein\/index.php?rest_route=\/wp\/v2\/users\/1"}],"replies":[{"embeddable":true,"href":"https:\/\/www.heimatverein-gahlen.de\/heimatverein\/index.php?rest_route=%2Fwp%2Fv2%2Fcomments&post=2"}],"version-history":[{"count":3,"href":"https:\/\/www.heimatverein-gahlen.de\/heimatverein\/index.php?rest_route=\/wp\/v2\/pages\/2\/revisions"}],"predecessor-version":[{"id":3413,"href":"https:\/\/www.heimatverein-gahlen.de\/heimatverein\/index.php?rest_route=\/wp\/v2\/pages\/2\/revisions\/3413"}],"wp:attachment":[{"href":"https:\/\/www.heimatverein-gahlen.de\/heimatverein\/index.php?rest_route=%2Fwp%2Fv2%2Fmedia&parent=2"}],"curies":[{"name":"wp","href":"https:\/\/api.w.org\/{rel}","templated":true}]}}