{"id":2225,"date":"2018-01-21T11:04:00","date_gmt":"2018-01-21T10:04:00","guid":{"rendered":"http:\/\/www.heimatverein-gahlen.de\/heimatverein\/?page_id=2225"},"modified":"2021-02-16T16:26:50","modified_gmt":"2021-02-16T15:26:50","slug":"ag-heimatbackerei","status":"publish","type":"page","link":"https:\/\/www.heimatverein-gahlen.de\/heimatverein\/?page_id=2225","title":{"rendered":"Heimatb\u00e4ckerei AG"},"content":{"rendered":"<p style=\"text-align: center;\"><span style=\"font-size: medium;\"><strong>Heimatb\u00e4ckerei AG<\/strong><\/span><\/p>\n<p>&nbsp;<\/p>\n<table style=\"width: 100.391%; height: 699px;\" border=\"0\">\n<tbody>\n<tr style=\"height: 56px;\">\n<td style=\"border: 2px solid #f5deb3; width: 137.832%; height: 46px;\" colspan=\"2\" align=\"center\">Bei vielen Leuten t\u00e4glich auf dem Tisch ist das Brot der Inbegriff eines Grundnahrungsmittels und wird als solches fast wie selbstverst\u00e4ndlich hingenommen. Doch wenn unsere Heimatb\u00e4cker unsere Backstube auf Kamphaus-Hof befeuern, wird jedem bewusst, welchen Wert ein vermeintlich einfaches Grundnahrungsmittel hat. Weiche Krume &#8211; Knusprige Kruste &#8211; das ist das Ziel unserer B\u00e4cker, die das alte Handwerk zum Beispiel auf unserem Lippebr\u00e4utag pr\u00e4sentieren und dabei den Hof mit dem Duft frischen Brotes einh\u00fcllen, f\u00fcr manche auch der Duft von Heimat.<\/td>\n<\/tr>\n<tr style=\"height: 24px;\">\n<td style=\"border: 1px solid #000000; background-color: #f5deb3; width: 35.1687%; height: 24px;\" align=\"center\"><strong> Termine<\/strong><\/td>\n<td style=\"border: 1px solid #000000; background-color: #f5deb3; width: 102.663%; height: 24px;\" align=\"center\">flexibel<\/td>\n<\/tr>\n<tr style=\"height: 38px;\">\n<td style=\"border: 1px solid #000000; background-color: #f5deb3; width: 35.1687%; height: 12px;\" align=\"center\"><strong>Leitung<\/strong><\/td>\n<td style=\"border: 1px solid #000000; background-color: #f5deb3; width: 102.663%; height: 12px;\" align=\"center\">Irene Mira<\/td>\n<\/tr>\n<tr style=\"height: 577px;\">\n<td style=\"border: 1px solid #000000; background-color: #f5deb3; width: 35.1687%; height: 577px;\" align=\"center\"><strong> Mitglieder<\/strong><\/td>\n<td style=\"border: 1px solid #000000; background-color: #f5deb3; width: 102.663%; height: 577px;\" align=\"center\">Michael Markiewicz, H.-W. Blazejewicz<\/p>\n<p><img loading=\"lazy\" class=\" wp-image-2227 aligncenter\" src=\"http:\/\/www.heimatverein-gahlen.de\/heimatverein\/wp-content\/uploads\/IMG_0173-AG-Heimatbaeckerei.jpg\" alt=\"IMG_0173 AG Heimatbaeckerei\" width=\"346\" height=\"461\" srcset=\"https:\/\/www.heimatverein-gahlen.de\/heimatverein\/wp-content\/uploads\/IMG_0173-AG-Heimatbaeckerei.jpg 576w, https:\/\/www.heimatverein-gahlen.de\/heimatverein\/wp-content\/uploads\/IMG_0173-AG-Heimatbaeckerei-225x300.jpg 225w\" sizes=\"(max-width: 346px) 100vw, 346px\" \/><\/td>\n<\/tr>\n<\/tbody>\n<\/table>\n","protected":false},"excerpt":{"rendered":"<p>Heimatb\u00e4ckerei AG &nbsp; Bei vielen Leuten t\u00e4glich auf dem Tisch ist das Brot der Inbegriff eines Grundnahrungsmittels und wird als solches fast wie selbstverst\u00e4ndlich hingenommen. Doch wenn unsere Heimatb\u00e4cker unsere Backstube auf Kamphaus-Hof befeuern, wird jedem bewusst, welchen Wert ein vermeintlich einfaches Grundnahrungsmittel hat. Weiche Krume &#8211; Knusprige Kruste &#8211; das ist das Ziel unserer [&hellip;]<\/p>\n","protected":false},"author":1,"featured_media":0,"parent":0,"menu_order":0,"comment_status":"closed","ping_status":"open","template":"","meta":{"ngg_post_thumbnail":0},"_links":{"self":[{"href":"https:\/\/www.heimatverein-gahlen.de\/heimatverein\/index.php?rest_route=\/wp\/v2\/pages\/2225"}],"collection":[{"href":"https:\/\/www.heimatverein-gahlen.de\/heimatverein\/index.php?rest_route=\/wp\/v2\/pages"}],"about":[{"href":"https:\/\/www.heimatverein-gahlen.de\/heimatverein\/index.php?rest_route=\/wp\/v2\/types\/page"}],"author":[{"embeddable":true,"href":"https:\/\/www.heimatverein-gahlen.de\/heimatverein\/index.php?rest_route=\/wp\/v2\/users\/1"}],"replies":[{"embeddable":true,"href":"https:\/\/www.heimatverein-gahlen.de\/heimatverein\/index.php?rest_route=%2Fwp%2Fv2%2Fcomments&post=2225"}],"version-history":[{"count":0,"href":"https:\/\/www.heimatverein-gahlen.de\/heimatverein\/index.php?rest_route=\/wp\/v2\/pages\/2225\/revisions"}],"wp:attachment":[{"href":"https:\/\/www.heimatverein-gahlen.de\/heimatverein\/index.php?rest_route=%2Fwp%2Fv2%2Fmedia&parent=2225"}],"curies":[{"name":"wp","href":"https:\/\/api.w.org\/{rel}","templated":true}]}}

Heimatbäckerei AG

<p style="text-align: center;"><span style="font-size: medium;"><strong>Heimatbäckerei AG</strong></span></p>
<p>&nbsp;</p>
<table style="width: 100.391%; height: 699px;" border="0">
<tbody>
<tr style="height: 56px;">
<td style="border: 2px solid #f5deb3; width: 137.832%; height: 46px;" colspan="2" align="center">Bei vielen Leuten täglich auf dem Tisch ist das Brot der Inbegriff eines Grundnahrungsmittels und wird als solches fast wie selbstverständlich hingenommen. Doch wenn unsere Heimatbäcker unsere Backstube auf Kamphaus-Hof befeuern, wird jedem bewusst, welchen Wert ein vermeintlich einfaches Grundnahrungsmittel hat. Weiche Krume &#8211; Knusprige Kruste &#8211; das ist das Ziel unserer Bäcker, die das alte Handwerk zum Beispiel auf unserem Lippebräutag präsentieren und dabei den Hof mit dem Duft frischen Brotes einhüllen, für manche auch der Duft von Heimat.</td>
</tr>
<tr style="height: 24px;">
<td style="border: 1px solid #000000; background-color: #f5deb3; width: 35.1687%; height: 24px;" align="center"><strong> Termine</strong></td>
<td style="border: 1px solid #000000; background-color: #f5deb3; width: 102.663%; height: 24px;" align="center">flexibel</td>
</tr>
<tr style="height: 38px;">
<td style="border: 1px solid #000000; background-color: #f5deb3; width: 35.1687%; height: 12px;" align="center"><strong>Leitung</strong></td>
<td style="border: 1px solid #000000; background-color: #f5deb3; width: 102.663%; height: 12px;" align="center">Irene Mira</td>
</tr>
<tr style="height: 577px;">
<td style="border: 1px solid #000000; background-color: #f5deb3; width: 35.1687%; height: 577px;" align="center"><strong> Mitglieder</strong></td>
<td style="border: 1px solid #000000; background-color: #f5deb3; width: 102.663%; height: 577px;" align="center">Michael Markiewicz, H.-W. Blazejewicz</p>
<p><img loading="lazy" class=" wp-image-2227 aligncenter" src="http://www.heimatverein-gahlen.de/heimatverein/wp-content/uploads/IMG_0173-AG-Heimatbaeckerei.jpg" alt="IMG_0173 AG Heimatbaeckerei" width="346" height="461" srcset="https://www.heimatverein-gahlen.de/heimatverein/wp-content/uploads/IMG_0173-AG-Heimatbaeckerei.jpg 576w, https://www.heimatverein-gahlen.de/heimatverein/wp-content/uploads/IMG_0173-AG-Heimatbaeckerei-225x300.jpg 225w" sizes="(max-width: 346px) 100vw, 346px" /></td>
</tr>
</tbody>
</table>

<p>Heimatbäckerei AG &nbsp; Bei vielen Leuten täglich auf dem Tisch ist das Brot der Inbegriff eines Grundnahrungsmittels und wird als solches fast wie selbstverständlich hingenommen. Doch wenn unsere Heimatbäcker unsere Backstube auf Kamphaus-Hof befeuern, wird jedem bewusst, welchen Wert ein vermeintlich einfaches Grundnahrungsmittel hat. Weiche Krume &#8211; Knusprige Kruste &#8211; das ist das Ziel unserer [&hellip;]</p>
