{"id":2555,"date":"2019-08-18T10:47:19","date_gmt":"2019-08-18T09:47:19","guid":{"rendered":"http:\/\/www.heimatverein-gahlen.de\/heimatverein\/?page_id=2555"},"modified":"2021-01-27T09:36:49","modified_gmt":"2021-01-27T08:36:49","slug":"festschrift-2020","status":"publish","type":"page","link":"https:\/\/www.heimatverein-gahlen.de\/heimatverein\/?page_id=2555","title":{"rendered":"Festschrift 2020"},"content":{"rendered":"<p style=\"text-align: center;\"><span style=\"font-size: large;\"><strong>Herausgabe einer Festschrift anl\u00e4sslich des 70-j\u00e4hrigen Bestehens des Heimatvereins Gahlen im August 2020<\/strong><\/span><\/p>\n<p><strong>Presseinfo vom 15.11.2020:<\/strong><\/p>\n<p>70 Jahre Heimatverein Gahlen e.V. \u2013 70 Jahre Gahlener Ortsgeschichte<\/p>\n<p>Das Leben im Dorf ist gepr\u00e4gt vom Miteinander. Das Miteinander ist die Zusammenarbeit der verschiedenen Einrichtungen, Institutionen und der Vereine, vor allem aber immer von den Menschen, die im Dorf leben, die mit dem Dorf verbunden sind und die f\u00fcr ihr Dorf arbeiten. Im Jahre 1950 haben anf\u00e4nglich 34 Gahlener B\u00fcrger entschieden, ihr Engagement zum Wohle des Dorfes im damaligen Verein f\u00fcr Heimatpflege, Wirtschaft und Verkehr der Gemeinde Gahlen zu b\u00fcndeln. Inzwischen, im Jahr 2020, lautet der Name des Vereins schlicht Heimatverein Gahlen. Die Mitgliederzahl hat sich \u00fcber die Jahre mehr als verzwanzigfacht, nur der Zweck ist der gleiche geblieben: die Pflege und F\u00f6rderung des Brauchtums, der Mundart und der heimischen Kultur.<\/p>\n<p>Anekdoten und D\u00f6nekes machen viel vom Dorfleben aus und definieren das Brauchtum und die heimische Kultur. Das gilt selbstverst\u00e4ndlich auch f\u00fcr Gahlen. Was lag also n\u00e4her als zum 70-j\u00e4hrigen Jubil\u00e4um des Heimatvereins diese Gahlener Geschichten zu sammeln? Die Betonung liegt dabei auf \u201eGahlen\u201c, denn die Festschrift beschr\u00e4nkt sich nicht auf die Geschehnisse rund um den Heimatverein, sondern versteht sich als Baustein einer Gesamt-Gahlener Chronik mit dem Schwerpunkt auf den vergangenen zehn Jahren. Viele Gahlener Gruppen und Ereignisse werden aufgegriffen und die Menschen, unsere Gahlener Mitb\u00fcrger, in den Mittelpunkt gestellt. Denn nur die Menschen und ihre Geschichten machen das Dorf zu dem, was es ist:<\/p>\n<p>Zum R\u00fcckzugspunkt, wenn es hektischer wird, zum Knotenpunkt sozialer Kontakte, auch wenn es online manchmal schneller geht, zum Lebensmittelpunkt, obwohl die Weltgeschichte woanders geschrieben wird. &nbsp;Auf 600 Seiten hat der Heimatverein Beitr\u00e4ge zum d\u00f6rflichen Leben zusammengefasst, \u00fcber Taufe, Konfirmation, Sportereignisse, Hochzeiten, Aktivit\u00e4ten, Ehrenamt, Ehrungen und auch den Tod. 1140 Bilder illustrieren das Gahlener Leben und dabei insbesondere das Leben der Jahre 2010 bis 2020. Dar\u00fcber hinaus ist ein Querschnitt durch die Ereignisse der Jahre 1950 bis 2010 enthalten sowie eine Darstellung der Entwicklung Gahlens \u00fcber die Jahrhunderte \u2013 anhand von Landkarten und sp\u00e4ter Bebauungspl\u00e4nen. Wir sind uns sicher, dass hier f\u00fcr jeden etwas dabei ist, der sich mit Gahlen verbunden f\u00fchlt oder verbunden gewesen ist. Ebenfalls k\u00f6nnen wir uns sehr gut vorstellen, dass mit dieser Festschrift vielen Mitmenschen ein wunderbares Weihnachtsgeschenk gemacht werden kann, in dem Einigkeit und d\u00f6rflicher Zusammenhalt im Vordergrund und Zentrum stehen, gerade zu den aktuellen Zeiten, in denen das Abstand halten geboten und angezeigt ist.<\/p>\n<p>Die Vorfinanzierung der Festschrift konnte zu gr\u00f6\u00dften Teilen durch Spenden sichergestellt werden. Dadurch ist es uns auch m\u00f6glich die erste Auflage mit 250 Exemplaren zum Preis von nur 30 EUR zu verkaufen. An dieser Stelle bedanken wir uns ausdr\u00fccklich bei den Spendern, ohne die diese Festschrift in der Form nicht m\u00f6glich gewesen w\u00e4re. Die Gahlener Chronik kann zu den jeweiligen \u00d6ffnungszeiten in den Gahlener Filialen der Volksbank Schermbeck eG und der Niederrheinischen Sparkasse RheinLippe erworben werden. Auch bei den beiden Banken und ihren Mitarbeitern bedanken wir uns herzlich f\u00fcr ihre Unterst\u00fctzung.<\/p>\n<p>Ein besonderer Dank gilt zudem der Schermbecker K\u00fcnstlerin Henryka Artmann, die f\u00fcr uns das Titelbild erstellte. Die Collage, die aus Fotos von Gahlener Sehensw\u00fcrdigkeiten inspiriert und entstanden ist, ist wirklich gelungen und wir sind stolz, dass dieses Werk nun unser Titelbild ziert.<\/p>\n<p>Die redaktionelle Betreuung der dritten Vereinsfestschrift \u00fcbernahm auch diesmal unser Vereinsmitglied Helmut Scheffler. Auch daf\u00fcr ein herzliches Dankesch\u00f6n.<\/p>\n<p>Abschlie\u00dfend geb\u00fchrt der gr\u00f6\u00dfte Dank unseren Gahlener Mitb\u00fcrgern, denn ohne das Engagement, ohne die vielen Begegnungen, ohne euch tolle Menschen w\u00e4ren die 600 Seiten leer. Wir sind stolz darauf, einen Ausschnitt unseres Dorfes in diesem Buch eingefangen zu haben und freuen uns darauf, mit euch die kommenden Seiten zu f\u00fcllen.<\/p>\n<p><strong>Titelbild:&nbsp;<\/strong><\/p>\n<p><a href=\"https:\/\/www.heimatverein-gahlen.de\/heimatverein\/wp-content\/uploads\/Bild-Umschlag-Festschrift-scaled.jpg\"><img loading=\"lazy\" class=\"aligncenter  wp-image-2783\" src=\"https:\/\/www.heimatverein-gahlen.de\/heimatverein\/wp-content\/uploads\/Bild-Umschlag-Festschrift-scaled.jpg\" alt=\"\" width=\"478\" height=\"324\" srcset=\"https:\/\/www.heimatverein-gahlen.de\/heimatverein\/wp-content\/uploads\/Bild-Umschlag-Festschrift-scaled.jpg 2560w, https:\/\/www.heimatverein-gahlen.de\/heimatverein\/wp-content\/uploads\/Bild-Umschlag-Festschrift-300x203.jpg 300w, https:\/\/www.heimatverein-gahlen.de\/heimatverein\/wp-content\/uploads\/Bild-Umschlag-Festschrift-1024x692.jpg 1024w, https:\/\/www.heimatverein-gahlen.de\/heimatverein\/wp-content\/uploads\/Bild-Umschlag-Festschrift-768x519.jpg 768w, https:\/\/www.heimatverein-gahlen.de\/heimatverein\/wp-content\/uploads\/Bild-Umschlag-Festschrift-2048x1385.jpg 2048w\" sizes=\"(max-width: 478px) 100vw, 478px\" \/><\/a><\/p>\n<p><a href=\"https:\/\/www.heimatverein-gahlen.de\/heimatverein\/wp-content\/uploads\/Luftbild-Gahlen-22052012-HScheffler--scaled.jpg\"><img loading=\"lazy\" class=\"aligncenter  wp-image-2784\" src=\"https:\/\/www.heimatverein-gahlen.de\/heimatverein\/wp-content\/uploads\/Luftbild-Gahlen-22052012-HScheffler--scaled.jpg\" alt=\"\" width=\"475\" height=\"356\" srcset=\"https:\/\/www.heimatverein-gahlen.de\/heimatverein\/wp-content\/uploads\/Luftbild-Gahlen-22052012-HScheffler--scaled.jpg 2560w, https:\/\/www.heimatverein-gahlen.de\/heimatverein\/wp-content\/uploads\/Luftbild-Gahlen-22052012-HScheffler--300x225.jpg 300w, https:\/\/www.heimatverein-gahlen.de\/heimatverein\/wp-content\/uploads\/Luftbild-Gahlen-22052012-HScheffler--1024x768.jpg 1024w, https:\/\/www.heimatverein-gahlen.de\/heimatverein\/wp-content\/uploads\/Luftbild-Gahlen-22052012-HScheffler--768x576.jpg 768w, https:\/\/www.heimatverein-gahlen.de\/heimatverein\/wp-content\/uploads\/Luftbild-Gahlen-22052012-HScheffler--1536x1152.jpg 1536w, https:\/\/www.heimatverein-gahlen.de\/heimatverein\/wp-content\/uploads\/Luftbild-Gahlen-22052012-HScheffler--2048x1536.jpg 2048w\" sizes=\"(max-width: 475px) 100vw, 475px\" \/><\/a><\/p>\n<p><em>Die j\u00fcngere Entwicklung des Lippedorfes Gahlen steht im Mittelpunkt der neuen Festschrift des Heimatvereins Gahlen. Das 600 Seiten umfassende Buch wurde anl\u00e4sslich des 70-j\u00e4hrigen Bestehens des Heimatvereins herausgegeben und behandelt dabei Ereignisse aus den verschiedensten Gruppen im Dorf.<br><strong>Luftbild<\/strong>: Scheffler<\/em><\/p>\n<p>&nbsp;<\/p>\n<p><strong>Informationen zum Spendenverfahren:<\/strong><\/p>\n<p>Wer eine Spende ab 20,00 Euro unter Angabe des&nbsp;<b>Stichwortes\/Verwendungszweckes \u201eFestschrift\u201c<\/b>&nbsp;\u00fcberweist, wird mit Vor- und Zuname auf der Seite \u201eDank an die Spender\u201c nach folgendem Muster &#8222;Paul M\u00fchle, 46514 Schermbeck-Gahlen, Heimatstra\u00dfe 60&#8220; erw\u00e4hnt, sofern alle erforderlichen Daten dem \u00dcberweisungstr\u00e4ger entnommen werden k\u00f6nnen. Der gespendete Betrag wird \u2013 unabh\u00e4ngig von der H\u00f6he \u2013 nicht genannt.<\/p>\n<p>Wer 50,00 \u20ac oder mehr \u00fcberweist, wird nicht nur in o.g. Weise als Spender vermerkt, er erh\u00e4lt ohne Nennung des Geldbetrags auch als&nbsp;<strong>Dankesch\u00f6n<\/strong>&nbsp;ein&nbsp;<strong>Exemplar der Festschrift<\/strong>&nbsp;zugestellt.<\/p>\n<p>Wer <strong>als Firma<\/strong> mindestens 20,00 Euro \u00fcberweist, wird bei einer entsprechenden Angabe in der Festschrift ohne Angabe des Geldbetrags nach dem Muster &#8222;Gastst\u00e4tte zum M\u00fchlenteich, 46514 Schermbeck, Durststra\u00dfe 18&#8220; erw\u00e4hnt.&nbsp;<\/p>\n<p>&nbsp;<\/p>\n<p>Auf Wunsch wird nat\u00fcrlich auch eine Spendenbescheinigung ausgestellt.&nbsp;<\/p>\n<p>&nbsp;<\/p>\n<p><strong style=\"font-size: medium;\">Kontonummern:<\/strong><\/p>\n<p><span style=\"font-size: medium;\">IBAN: DE53 3565 0000 0001 0380 90 bei der Niederrheinischen Sparkasse RheinLippe oder<\/span><\/p>\n<p><span style=\"font-size: medium;\">IBAN: DE18 4006 9363 0202 4022 11 bei der Volksbank Schermbeck eG<\/span><\/p>\n<p><span style=\"font-size: medium;\">&nbsp;<\/span><\/p>\n<p><span style=\"font-size: medium;\">Hier geht es zum vollst\u00e4ndigen&nbsp;<a href=\"http:\/\/www.heimatverein-gahlen.de\/heimatverein\/wp-content\/uploads\/19_07_29_PI_Festschrift_HVG.pdf\">Artikel &#8222;Festschrift anl\u00e4sslich des 70-j\u00e4hrigen Bestehens des Heimatvereins Gahlen&#8220;<\/a><\/span><\/p>\n\n\n<p><\/p>\n\n\n\n<p><\/p>\n\n\n\n<p>Hier ist der Download f\u00fcr die Festschrift anl\u00e4sslich des 50-j\u00e4hrigen Bestehens des Heimatvereins Gahlen m\u00f6glich (pdf-Dateiformat)<\/p>\n\n\n\n<p><\/p>\n\n\n","protected":false},"excerpt":{"rendered":"<p>Herausgabe einer Festschrift anl\u00e4sslich des 70-j\u00e4hrigen Bestehens des Heimatvereins Gahlen im August 2020 Presseinfo vom 15.11.2020: 70 Jahre Heimatverein Gahlen e.V. \u2013 70 Jahre Gahlener Ortsgeschichte Das Leben im Dorf ist gepr\u00e4gt vom Miteinander. Das Miteinander ist die Zusammenarbeit der verschiedenen Einrichtungen, Institutionen und der Vereine, vor allem aber immer von den Menschen, die im [&hellip;]<\/p>\n","protected":false},"author":1,"featured_media":0,"parent":0,"menu_order":0,"comment_status":"closed","ping_status":"open","template":"","meta":{"ngg_post_thumbnail":0},"_links":{"self":[{"href":"https:\/\/www.heimatverein-gahlen.de\/heimatverein\/index.php?rest_route=\/wp\/v2\/pages\/2555"}],"collection":[{"href":"https:\/\/www.heimatverein-gahlen.de\/heimatverein\/index.php?rest_route=\/wp\/v2\/pages"}],"about":[{"href":"https:\/\/www.heimatverein-gahlen.de\/heimatverein\/index.php?rest_route=\/wp\/v2\/types\/page"}],"author":[{"embeddable":true,"href":"https:\/\/www.heimatverein-gahlen.de\/heimatverein\/index.php?rest_route=\/wp\/v2\/users\/1"}],"replies":[{"embeddable":true,"href":"https:\/\/www.heimatverein-gahlen.de\/heimatverein\/index.php?rest_route=%2Fwp%2Fv2%2Fcomments&post=2555"}],"version-history":[{"count":0,"href":"https:\/\/www.heimatverein-gahlen.de\/heimatverein\/index.php?rest_route=\/wp\/v2\/pages\/2555\/revisions"}],"wp:attachment":[{"href":"https:\/\/www.heimatverein-gahlen.de\/heimatverein\/index.php?rest_route=%2Fwp%2Fv2%2Fmedia&parent=2555"}],"curies":[{"name":"wp","href":"https:\/\/api.w.org\/{rel}","templated":true}]}}