{"id":3471,"date":"2026-02-02T18:06:04","date_gmt":"2026-02-02T17:06:04","guid":{"rendered":"https:\/\/www.heimatverein-gahlen.de\/heimatverein\/?page_id=3471"},"modified":"2026-02-11T18:22:58","modified_gmt":"2026-02-11T17:22:58","slug":"satzungsaenderung-2026","status":"publish","type":"page","link":"https:\/\/www.heimatverein-gahlen.de\/heimatverein\/?page_id=3471","title":{"rendered":"Satzungs\u00e4nderung 2026"},"content":{"rendered":"\n<p><strong>&#8222;Nichts ist so best\u00e4ndig wie der Wandel&#8220; (Heraklit von Ephesus)<\/strong><\/p>\n\n\n\n<p>Dieser allseits bekannte und mittlerweile gut 2.500 Jahre alte Spruch gilt selbstverst\u00e4ndlich auch f\u00fcr Vereine. Und mit der Arbeit im Verein muss sich auch der rechtliche Rahmen des Vereins mitunter wandeln. Das zieht regelm\u00e4\u00dfig eine Satzungs\u00e4nderung nach sich und die ist in der Umsetzung etwas komplexer als man es sich vielleicht vorstellt (nachstehend ein Auszug aus den verschiedenen Anforderungen):<\/p>\n\n\n\n<ul><li>Jeder Verein hat zu jeder Zeit die M\u00f6glichkeit, seine Satzung zu ver\u00e4ndern.&nbsp;Dabei ist der Verein aber an eine Reihe von formalen und gesetzlichen Vorgaben gebunden.<\/li><li>Die Mitgliederversammlung beschlie\u00dft grunds\u00e4tzlich \u00fcber Satzungs\u00e4nderungen. Gefordert ist eine Dreiviertelmehrheit der anwesenden Mitglieder<\/li><li>In der Einladung zur Mitgliederversammlung muss in der Tagesordnung die geplanten \u00c4nderungen benannt werden. Die Einladung muss ohnehin form- und fristgerecht erfolgen.<\/li><li>Die Beschlussfassung \u00fcber die Satzung muss ordnungsgem\u00e4\u00df erfolgen, in der Folge muss auch das Protokoll der Versammlung den Anforderungen gen\u00fcgen.<\/li><li>Beschlossene \u00c4nderungen werden erst mit der Eintragung in das Vereinsregister wirksam. Die Anmeldung zur Satzungs\u00e4nderung muss der Vorstand des Vereins bei einem Notar vornehmen.<\/li><li>Das Registergericht kann die Satzungs\u00e4nderung ablehnen, wenn es Eintragungshindernisse feststellt.<\/li><\/ul>\n\n\n\n<p>Die hier abgelegten Dokumente zeigen <strong>die alte Version<\/strong> (die aktuell g\u00fcltige) unserer Satzung, <strong>die neue Version<\/strong>, wie die Satzung aussieht, wenn die \u00c4nderungen beschlossen und eingetragen werden, <strong>sowie<\/strong> <strong>eine Gegen\u00fcberstellung und Kommentierung<\/strong> s\u00e4mtlicher \u00c4nderungen. Unsere Mitglieder haben die Synopse s\u00e4mtlich mit der Einladung (und Tagesordnung) zur Mitgliederversammlung erhalten. Die Spalte Kommentierung soll dabei direkt erkl\u00e4ren, warum die eine oder andere \u00c4nderung aus unserer Sicht notwendig ist und nun zur Beschlussfassung ansteht.<\/p>\n\n\n\n<p>Fragen zur Satzungs\u00e4nderung k\u00f6nnen gerne vorab an vorstand@Heimatverein-Gahlen.de gerichtet werden. Gerne k\u00f6nnt ihr den Vorstand auch direkt ansprechen.<\/p>\n\n\n<p style=\"text-align: left;\"><strong><a href=\"https:\/\/www.heimatverein-gahlen.de\/heimatverein\/wp-content\/uploads\/17_04_30_HVG_Satzung ALT.pdf\" data-wplink-url-error=\"true\">Alte Version der Satzung (hier zum Download als pdf-Datei)<\/a><\/strong><\/p>\n<p><strong><a href=\"https:\/\/www.heimatverein-gahlen.de\/heimatverein\/wp-content\/uploads\/HVG Satzung NEU vorbehaltlich Beschlussfassung.pdf\" data-wplink-url-error=\"true\">Neue Version der Satzung (hier zum Download als pdf-Datei)<\/a><\/strong><\/p>\n<p style=\"text-align: left;\"><strong><a href=\"https:\/\/www.heimatverein-gahlen.de\/heimatverein\/wp-content\/uploads\/HVG Satzung Synopse zur JHV 13032026.pdf\" data-wplink-url-error=\"true\">Version Synopse (Gegen\u00fcberstellung der beiden Varianten, hier zum Download als pdf-Datei)<\/a><\/strong><\/p>","protected":false},"excerpt":{"rendered":"<p>&#8222;Nichts ist so best\u00e4ndig wie der Wandel&#8220; (Heraklit von Ephesus) Dieser allseits bekannte und mittlerweile gut 2.500 Jahre alte Spruch gilt selbstverst\u00e4ndlich auch f\u00fcr Vereine. Und mit der Arbeit im Verein muss sich auch der rechtliche Rahmen des Vereins mitunter wandeln. Das zieht regelm\u00e4\u00dfig eine Satzungs\u00e4nderung nach sich und die ist in der Umsetzung etwas [&hellip;]<\/p>\n","protected":false},"author":1,"featured_media":0,"parent":0,"menu_order":0,"comment_status":"closed","ping_status":"closed","template":"","meta":{"ngg_post_thumbnail":0},"_links":{"self":[{"href":"https:\/\/www.heimatverein-gahlen.de\/heimatverein\/index.php?rest_route=\/wp\/v2\/pages\/3471"}],"collection":[{"href":"https:\/\/www.heimatverein-gahlen.de\/heimatverein\/index.php?rest_route=\/wp\/v2\/pages"}],"about":[{"href":"https:\/\/www.heimatverein-gahlen.de\/heimatverein\/index.php?rest_route=\/wp\/v2\/types\/page"}],"author":[{"embeddable":true,"href":"https:\/\/www.heimatverein-gahlen.de\/heimatverein\/index.php?rest_route=\/wp\/v2\/users\/1"}],"replies":[{"embeddable":true,"href":"https:\/\/www.heimatverein-gahlen.de\/heimatverein\/index.php?rest_route=%2Fwp%2Fv2%2Fcomments&post=3471"}],"version-history":[{"count":13,"href":"https:\/\/www.heimatverein-gahlen.de\/heimatverein\/index.php?rest_route=\/wp\/v2\/pages\/3471\/revisions"}],"predecessor-version":[{"id":3489,"href":"https:\/\/www.heimatverein-gahlen.de\/heimatverein\/index.php?rest_route=\/wp\/v2\/pages\/3471\/revisions\/3489"}],"wp:attachment":[{"href":"https:\/\/www.heimatverein-gahlen.de\/heimatverein\/index.php?rest_route=%2Fwp%2Fv2%2Fmedia&parent=3471"}],"curies":[{"name":"wp","href":"https:\/\/api.w.org\/{rel}","templated":true}]}}