{"id":3494,"date":"2026-02-12T19:31:37","date_gmt":"2026-02-12T18:31:37","guid":{"rendered":"https:\/\/www.heimatverein-gahlen.de\/heimatverein\/?page_id=3494"},"modified":"2026-02-12T19:42:00","modified_gmt":"2026-02-12T18:42:00","slug":"festschrift-2025","status":"publish","type":"page","link":"https:\/\/www.heimatverein-gahlen.de\/heimatverein\/?page_id=3494","title":{"rendered":"Festschrift 2025"},"content":{"rendered":"\n<p><strong>Ank\u00fcndigung der Jubil\u00e4umsfeier des Heimatverein Gahlen e.V. im Rahmen des Tennenfestes<\/strong><\/p>\n\n\n\n<p>Der Heimatverein Gahlen e.V. ist seit dem 5. Februar dieses Jahres 75 Jahre alt. Der Jubil\u00e4ums Festakt, die offizielle Jubil\u00e4umsfeier, findet am 23. August 2025 am Vortag des Tennenfestes statt. Mit Beginn gegen 17 Uhr l\u00e4dt der Heimatverein zu seiner Heimatscheune Olle Schuer in der Gahlener Bruchstra\u00dfe. Die Besucher k\u00f6nnen sich auf Auftritte der G\u00f6hlzen Danzer und der Laienspielschar ebenso freuen, wie auf Live-Musik der Band Cover Rocket und des DJ-Teams No Brothers.<\/p>\n\n\n\n<p>Der Heimatverein freut sich auf viele Besucher, die mit einem Gahlener Lippebr\u00e4u auf die letzten und die kommenden 75 Jahre des Vereins ansto\u00dfen wollen. Auch abseits der Spezialit\u00e4ten der Braugruppe des Vereins ist f\u00fcr das leibliche Wohl gesorgt. Ebenfalls geplant sind kleine Vorstellungen oder Vorf\u00fchrungen der Gruppen des Vereins am gro\u00dfen Jubil\u00e4umswochenende. Denn am Folgetag, dem 24. August 2025 findet an gleicher Stelle wie gewohnt das G\u00f6hlzen Tennenfest statt. Die Landtechnikfreunde des Vereins laden zur Vorf\u00fchrung der historischen Ger\u00e4te und Maschinen zur Ollen Schuer.<\/p>\n\n\n\n<p>Den Auftakt in den Sonntag bildet hier wieder ein Gottesdienst der Evangelischen Kirchengemeinde Gahlen um 10:45 Uhr. Im Vorjahr fand im Rahmen des Er\u00f6ffnungsgottesdienstes eine Taufe statt, die sicherlich nicht nur dem T\u00e4ufling und der Familie in besonders guter Erinnerung geblieben ist.<\/p>\n\n\n\n<p><strong>Der Vorstand beschlie\u00dft die Erstellung einer neuen Festschrift und bittet um Spenden<\/strong> <\/p>\n\n\n\n<p>Anl\u00e4sslich des 75. Jubil\u00e4ums hat der Vorstand im vergangenen Jahr die Erstellung einer Festschrift beschlossen.<\/p>\n\n\n\n<p>Ein Vorhaben, das nur aufgrund der akribischen Arbeit des Heimatreporters und Ehrenmitgliedes Helmut Scheffler umzusetzen ist. Die Festschrift wird erneut etwa 600 Seiten umfassen und neben einer ausf\u00fchrlichen Darstellung der Arbeit des Heimatvereins in den Jahren 2020 bis 2025 auch die Aktivit\u00e4ten anderer Gahlener Vereine und Gruppen darstellen. Im Ergebnis wird somit die Gesamt-Gahlener Dorfchronik erweitert. Und Gahlen w\u00e4re nicht Gahlen ohne seine Bewohnerinnen und Bewohner, denn die Menschen machen den Ort zu dem, der er ist. So werden auch bei dieser Festschrift die vielen Aktiven im Ort die Stars der Chronik sein \u2013 eine Festschrift von Gahlenern f\u00fcr Gahlener und dar\u00fcber hinaus.<\/p>\n\n\n\n<p>Der Druck der mit mehr als 1000 Fotos ausgestatteten Festschrift ist sehr teuer. Um den Verkaufspreis reduzieren zu k\u00f6nnen bittet der Verein um <strong>finanzielle Mithilfe<\/strong>. Je nach Auflage belaufen sich die Druckkosten eines fertigen Exemplars auf rund 45 Euro. Abh\u00e4ngig von der finanziellen Unterst\u00fctzung kann der Verkaufspreis f\u00fcr alle reduziert werden und die Festschrift so vielen Mitmenschen zug\u00e4nglich gemacht werden. <\/p>\n\n\n\n<p>Ab einer Spende von 25 Euro wird der Verein den Vor- und Zunamen in der Festschrift auf der Seite \u201eDank an die Spender\u201c zu ver\u00f6ffentlichen.<\/p>\n\n\n\n<p>Ab einer Spendenh\u00f6he von 60 Euro erh\u00e4lt die Spenderin oder der Spender als Dankesch\u00f6n zus\u00e4tzlich ein Exemplar der Festschrift. In keinem Fall wird der gespendete Betrag genannt \u2013 auf der Seite \u201eDank an die Spender\u201c ist die H\u00f6he der Spende nicht ersichtlich.<\/p>\n\n\n\n<p>Selbstverst\u00e4ndlich ist es auch m\u00f6glich als Firma zu spenden und benannt zu werden. Der Verein ben\u00f6tigt daf\u00fcr lediglich die gew\u00fcnschte Bezeichnung im Verwendungszweck der \u00dcberweisung.<\/p>\n\n\n\n<p>Um die Verarbeitung in der Festschrift zu gew\u00e4hrleisten k\u00f6nnen lediglich \u00dcberweisungseing\u00e4nge bis zum 15. September 2025 ber\u00fccksichtigt werden.<\/p>\n\n\n\n<p>Die f\u00fcr die Festschrift eingerichteten Spendenkonten werden bei der Volksbank Schermbeck eG und der Niederrheinischen Sparkasse RheinLippe mit <\/p>\n\n\n\n<p>DE94 4006 9363 0202 4022 01<\/p>\n\n\n\n<p>DE30 3565 0000 0000 6039 44<\/p>\n\n\n\n<p>gef\u00fchrt.<\/p>\n\n\n\n<p>Der Verein freut sich sehr \u00fcber die Unterst\u00fctzung und bedankt sich schon jetzt f\u00fcr Ihre Spende. F\u00fcr eine saubere Zuordnung bittet der Verein um die Angabe des Stichworts \u201eFestschrift\u201c im Verwendungszweck. Der Verein ist zuversichtlich, dass viele Spender und eine entsprechend lange Spenderliste das gro\u00dfartige Zusammenwirken der Vereine, Gruppen und Menschen in Gahlen unterstreichen und verdeutlichen werden. Zeitliches Ziel ist es, dass die Gahlener Dorfchronik nach Abschluss der letzten redaktionellen Arbeiten und des Druckes p\u00fcnktlich vor Weihnachten fertiggestellt und ausgeliefert sein wird.<\/p>\n\n\n\n<p><strong>Kurz:<\/strong><\/p>\n\n\n\n<p>Jubil\u00e4umsfeier des Heimatverein Gahlen e.V. zum 75. Geburtstag am 23. August 2025 ab 17 Uhr an der Ollen Schuer (Bruchstra\u00dfe 205 in 46514 Schermbeck-Gahlen). G\u00f6hlzes Tennenfest am Folgetag, dem 24. August 2025 ab 10:45 Uhr ebenfalls an der Ollen Schuer.<\/p>\n\n\n\n<p>Der Gahlener Heimatverein erstellt anl\u00e4sslich des 75. Vereinsjubil\u00e4ums eine 600-seitige Chronik und bittet um Spenden, um die Erstellung zu unterst\u00fctzen und den Verkaufspreis reduzieren zu k\u00f6nnen, damit die Festschrift m\u00f6glichst vielen Menschen zug\u00e4nglich gemacht werden kann.<\/p>\n","protected":false},"excerpt":{"rendered":"<p>Ank\u00fcndigung der Jubil\u00e4umsfeier des Heimatverein Gahlen e.V. im Rahmen des Tennenfestes Der Heimatverein Gahlen e.V. ist seit dem 5. Februar dieses Jahres 75 Jahre alt. Der Jubil\u00e4ums Festakt, die offizielle Jubil\u00e4umsfeier, findet am 23. August 2025 am Vortag des Tennenfestes statt. Mit Beginn gegen 17 Uhr l\u00e4dt der Heimatverein zu seiner Heimatscheune Olle Schuer in [&hellip;]<\/p>\n","protected":false},"author":1,"featured_media":0,"parent":0,"menu_order":0,"comment_status":"closed","ping_status":"closed","template":"","meta":{"ngg_post_thumbnail":0},"_links":{"self":[{"href":"https:\/\/www.heimatverein-gahlen.de\/heimatverein\/index.php?rest_route=\/wp\/v2\/pages\/3494"}],"collection":[{"href":"https:\/\/www.heimatverein-gahlen.de\/heimatverein\/index.php?rest_route=\/wp\/v2\/pages"}],"about":[{"href":"https:\/\/www.heimatverein-gahlen.de\/heimatverein\/index.php?rest_route=\/wp\/v2\/types\/page"}],"author":[{"embeddable":true,"href":"https:\/\/www.heimatverein-gahlen.de\/heimatverein\/index.php?rest_route=\/wp\/v2\/users\/1"}],"replies":[{"embeddable":true,"href":"https:\/\/www.heimatverein-gahlen.de\/heimatverein\/index.php?rest_route=%2Fwp%2Fv2%2Fcomments&post=3494"}],"version-history":[{"count":2,"href":"https:\/\/www.heimatverein-gahlen.de\/heimatverein\/index.php?rest_route=\/wp\/v2\/pages\/3494\/revisions"}],"predecessor-version":[{"id":3496,"href":"https:\/\/www.heimatverein-gahlen.de\/heimatverein\/index.php?rest_route=\/wp\/v2\/pages\/3494\/revisions\/3496"}],"wp:attachment":[{"href":"https:\/\/www.heimatverein-gahlen.de\/heimatverein\/index.php?rest_route=%2Fwp%2Fv2%2Fmedia&parent=3494"}],"curies":[{"name":"wp","href":"https:\/\/api.w.org\/{rel}","templated":true}]}}