{"id":400,"date":"2009-12-10T23:49:01","date_gmt":"2009-12-10T22:49:01","guid":{"rendered":"http:\/\/www.heimatverein-gahlen.de\/heimatverein\/?page_id=400"},"modified":"2021-02-16T13:30:55","modified_gmt":"2021-02-16T12:30:55","slug":"plattdeutsch-ag","status":"publish","type":"page","link":"https:\/\/www.heimatverein-gahlen.de\/heimatverein\/?page_id=400","title":{"rendered":"De Prootk\u00f6ster"},"content":{"rendered":"<h2 style=\"text-align: center;\"><span style=\"font-size: medium;\"><span style=\"text-decoration: underline;\"><strong>De Prootk\u00f6ster<\/strong><\/span><\/span><\/h2>\n<p><img loading=\"lazy\" class=\"alignright\" title=\"Plattdeutsch AG\" src=\"http:\/\/www.heimatverein-gahlen.de\/heimatverein\/wp-content\/uploads\/Plattdeutsch-AG.JPG\" alt=\"Plattdeutsch AG\" width=\"290\" height=\"200\"><\/p>\n<table style=\"width: 415px; height: 84px;\" border=\"0\">\n<tbody>\n<tr>\n<td style=\"border: 2px solid #f5deb3;\" colspan=\"2\" align=\"center\">Der Erhalt der plattdeutschen Sprache au\u00dferhalb der Laienspielschar ist die Hauptaufgabe<br \/>\ndieser Arbeitsgruppe! Hierzu werden plattdeutsche Texte recherchiert und erarbeitet und der breiten<br \/>\n\u00d6ffentlichkeit zug\u00e4nglich gemacht. Eine besondere Aufgabe ist es hierbei, bereits die Kinder und<br \/>\nJugendlichen an die plattdeutsche Sprache heranzuf\u00fchren. Stolz pr\u00e4sentieren die Kinder ihr K\u00f6nnen auf \u00f6ffentlichen Veranstaltungen. Hierzu arbeitet die Arbeitsgruppe mit der Gemeinschafts-Grundschule Schermbeck und mit dem Kindergarten in Gahlen zusammen. Die Nispa Gahlen spendierte uns dazu die<br \/>\neinheitliche Ausstattung der Kinder. Wir suchen dringend noch interessierte Menschen, die sich f\u00fcr den Erhalt unserer Mundart einsetzen m\u00f6chten. Plattdeutsch \u201ek\u00f6nnen\u201c ist dabei keine Voraussetzung; das kann man bei Interesse schnell erlernen.<\/td>\n<\/tr>\n<tr>\n<td style=\"border: 1px solid #000000; background-color: #f5deb3;\" align=\"center\"><strong>Termine<\/strong><\/td>\n<td style=\"border: 1px solid #000000; background-color: #f5deb3;\" align=\"center\">flexibel<\/td>\n<\/tr>\n<tr>\n<td style=\"border: 1px solid #000000; background-color: #f5deb3; text-align: center;\"><strong>Leitung<\/strong><\/td>\n<td style=\"border: 1px solid #000000; background-color: #f5deb3; text-align: center;\">gegenw\u00e4rtig unbesetzt<\/td>\n<\/tr>\n<tr>\n<td style=\"border: 1px solid #000000; background-color: #f5deb3;\" align=\"center\"><strong>Mitglieder<\/strong><\/td>\n<td style=\"border: 1px solid #000000; background-color: #f5deb3;\" align=\"center\"><em>Renate Eschenr\u00f6der, Annemarie Unterberg, Rainer Zeppen<\/em><\/td>\n<\/tr>\n<\/tbody>\n<\/table>\n<p style=\"text-align: left;\">&nbsp;<\/p>\n","protected":false},"excerpt":{"rendered":"<p>De Prootk\u00f6ster Der Erhalt der plattdeutschen Sprache au\u00dferhalb der Laienspielschar ist die Hauptaufgabe dieser Arbeitsgruppe! Hierzu werden plattdeutsche Texte recherchiert und erarbeitet und der breiten \u00d6ffentlichkeit zug\u00e4nglich gemacht. Eine besondere Aufgabe ist es hierbei, bereits die Kinder und Jugendlichen an die plattdeutsche Sprache heranzuf\u00fchren. Stolz pr\u00e4sentieren die Kinder ihr K\u00f6nnen auf \u00f6ffentlichen Veranstaltungen. Hierzu arbeitet [&hellip;]<\/p>\n","protected":false},"author":1,"featured_media":0,"parent":0,"menu_order":0,"comment_status":"open","ping_status":"open","template":"","meta":{"ngg_post_thumbnail":0},"_links":{"self":[{"href":"https:\/\/www.heimatverein-gahlen.de\/heimatverein\/index.php?rest_route=\/wp\/v2\/pages\/400"}],"collection":[{"href":"https:\/\/www.heimatverein-gahlen.de\/heimatverein\/index.php?rest_route=\/wp\/v2\/pages"}],"about":[{"href":"https:\/\/www.heimatverein-gahlen.de\/heimatverein\/index.php?rest_route=\/wp\/v2\/types\/page"}],"author":[{"embeddable":true,"href":"https:\/\/www.heimatverein-gahlen.de\/heimatverein\/index.php?rest_route=\/wp\/v2\/users\/1"}],"replies":[{"embeddable":true,"href":"https:\/\/www.heimatverein-gahlen.de\/heimatverein\/index.php?rest_route=%2Fwp%2Fv2%2Fcomments&post=400"}],"version-history":[{"count":0,"href":"https:\/\/www.heimatverein-gahlen.de\/heimatverein\/index.php?rest_route=\/wp\/v2\/pages\/400\/revisions"}],"wp:attachment":[{"href":"https:\/\/www.heimatverein-gahlen.de\/heimatverein\/index.php?rest_route=%2Fwp%2Fv2%2Fmedia&parent=400"}],"curies":[{"name":"wp","href":"https:\/\/api.w.org\/{rel}","templated":true}]}}

De Prootköster

<h2 style="text-align: center;"><span style="font-size: medium;"><span style="text-decoration: underline;"><strong>De Prootköster</strong></span></span></h2>
<p><img loading="lazy" class="alignright" title="Plattdeutsch AG" src="http://www.heimatverein-gahlen.de/heimatverein/wp-content/uploads/Plattdeutsch-AG.JPG" alt="Plattdeutsch AG" width="290" height="200"></p>
<table style="width: 415px; height: 84px;" border="0">
<tbody>
<tr>
<td style="border: 2px solid #f5deb3;" colspan="2" align="center">Der Erhalt der plattdeutschen Sprache außerhalb der Laienspielschar ist die Hauptaufgabe<br />
dieser Arbeitsgruppe! Hierzu werden plattdeutsche Texte recherchiert und erarbeitet und der breiten<br />
Öffentlichkeit zugänglich gemacht. Eine besondere Aufgabe ist es hierbei, bereits die Kinder und<br />
Jugendlichen an die plattdeutsche Sprache heranzuführen. Stolz präsentieren die Kinder ihr Können auf öffentlichen Veranstaltungen. Hierzu arbeitet die Arbeitsgruppe mit der Gemeinschafts-Grundschule Schermbeck und mit dem Kindergarten in Gahlen zusammen. Die Nispa Gahlen spendierte uns dazu die<br />
einheitliche Ausstattung der Kinder. Wir suchen dringend noch interessierte Menschen, die sich für den Erhalt unserer Mundart einsetzen möchten. Plattdeutsch „können“ ist dabei keine Voraussetzung; das kann man bei Interesse schnell erlernen.</td>
</tr>
<tr>
<td style="border: 1px solid #000000; background-color: #f5deb3;" align="center"><strong>Termine</strong></td>
<td style="border: 1px solid #000000; background-color: #f5deb3;" align="center">flexibel</td>
</tr>
<tr>
<td style="border: 1px solid #000000; background-color: #f5deb3; text-align: center;"><strong>Leitung</strong></td>
<td style="border: 1px solid #000000; background-color: #f5deb3; text-align: center;">gegenwärtig unbesetzt</td>
</tr>
<tr>
<td style="border: 1px solid #000000; background-color: #f5deb3;" align="center"><strong>Mitglieder</strong></td>
<td style="border: 1px solid #000000; background-color: #f5deb3;" align="center"><em>Renate Eschenröder, Annemarie Unterberg, Rainer Zeppen</em></td>
</tr>
</tbody>
</table>
<p style="text-align: left;">&nbsp;</p>

<p>De Prootköster Der Erhalt der plattdeutschen Sprache außerhalb der Laienspielschar ist die Hauptaufgabe dieser Arbeitsgruppe! Hierzu werden plattdeutsche Texte recherchiert und erarbeitet und der breiten Öffentlichkeit zugänglich gemacht. Eine besondere Aufgabe ist es hierbei, bereits die Kinder und Jugendlichen an die plattdeutsche Sprache heranzuführen. Stolz präsentieren die Kinder ihr Können auf öffentlichen Veranstaltungen. Hierzu arbeitet [&hellip;]</p>
