{"id":413,"date":"2009-12-11T00:03:36","date_gmt":"2009-12-10T23:03:36","guid":{"rendered":"http:\/\/www.heimatverein-gahlen.de\/heimatverein\/?page_id=413"},"modified":"2021-02-16T16:16:16","modified_gmt":"2021-02-16T15:16:16","slug":"braugruppe","status":"publish","type":"page","link":"https:\/\/www.heimatverein-gahlen.de\/heimatverein\/?page_id=413","title":{"rendered":"Braugruppe"},"content":{"rendered":"<h2 style=\"text-align: center;\"><span style=\"text-decoration: underline;\"><strong><span style=\"font-size: medium;\">Die Braugruppe<\/span><\/strong><\/span><\/h2>\n<p><em>Hopfen und Malz, Gott erhalt`s<\/em>!<\/p>\n<table style=\"width: 72.347%; height: 582px;\" border=\"0\">\n<tbody>\n<tr style=\"height: 426px;\">\n<td style=\"border: 2px solid #f5deb3; height: 426px;\" colspan=\"2\" align=\"center\">Die Braugruppe!&#8220; Seit 2009 braut die Braugruppe des Heimatvereins Gahlen in der ehemaligen Schlachtk\u00fcche auf Kampers (Kamphaus) Hof. Auch der ruin\u00f6se Brand des Hofes Ende 2009 hat uns nicht abhalten k\u00f6nnen einer alten Tradition zu folgen.<br \/>\nTeilweise haben wir in 2010 deshalb unter freiem Himmel unser bek\u00f6mmliches herbes Bier gebraut. Das oberg\u00e4hrige helle &#8222;G\u00f6lze Lippe&#8220; hat einen 85%igen Pilsner Gerstenmalzanteil und 15% Weizenmalz (hell), was dem Bier eine leichte nat\u00fcrliche Tr\u00fcbung verleiht. Der Hopfen stammt aus der Hellertau, einem bayrischen Traditionsanbaugebiet. Alle Zutaten sind biologisch kontrolliert angebaut. Die Braugruppe f\u00fchlt sich etwa sechs mal j\u00e4hrlich dem deutschen Reinheitsgebot verpflichtet und braut dann jeweils etwa 150 Liter des naturbelassenen ungefilterten Bieres.<br \/>\nWer braucht da noch Industriebier? In diesem Sinne, Hopfen und Malz &#8211; Gott erhalts &#8211; oder einfach GUT SUD!<\/p>\n<p><img loading=\"lazy\" class=\"size-full wp-image-743 aligncenter\" title=\"CIMG3022\" src=\"http:\/\/www.heimatverein-gahlen.de\/heimatverein\/wp-content\/uploads\/CIMG30221.JPG\" alt=\"CIMG3022\" width=\"255\" height=\"341\" srcset=\"https:\/\/www.heimatverein-gahlen.de\/heimatverein\/wp-content\/uploads\/CIMG30221.JPG 2112w, https:\/\/www.heimatverein-gahlen.de\/heimatverein\/wp-content\/uploads\/CIMG30221-225x300.jpg 225w, https:\/\/www.heimatverein-gahlen.de\/heimatverein\/wp-content\/uploads\/CIMG30221-768x1024.jpg 768w\" sizes=\"(max-width: 255px) 100vw, 255px\" \/><\/td>\n<\/tr>\n<tr style=\"height: 68px;\">\n<td style=\"border: 1px solid #000000; background-color: #f5deb3; height: 68px;\" align=\"center\"><strong>Termine<\/strong><\/td>\n<td style=\"border: 1px solid #000000; background-color: #f5deb3; height: 68px;\" align=\"center\">Nach Absprache im Gemeindebrauhaus auf \u201eKampers Hof\u201c<\/td>\n<\/tr>\n<tr style=\"height: 24px;\">\n<td style=\"border: 1px solid #000000; background-color: #f5deb3; height: 24px;\" align=\"center\"><strong>Leitung<\/strong><\/td>\n<td style=\"border: 1px solid #000000; background-color: #f5deb3; height: 24px;\" align=\"center\">Andreas Blank (02853 \/ 861064)<\/td>\n<\/tr>\n<tr style=\"height: 64px;\">\n<td style=\"border: 1px solid #000000; background-color: #f5deb3; height: 64px;\" align=\"center\"><strong>Mitglieder<\/strong><\/td>\n<td style=\"border: 1px solid #000000; background-color: #f5deb3; height: 64px;\" align=\"center\">Ludwig Bu\u00df, Reiner Endemann, Tom Jahnke, Bernd Koch, Stefan Kr\u00fcger,<br \/>\nHermann M\u00f6nnighoff (stellv. Leitung), Dieter Overhageb\u00f6ck (Gr\u00fcndungsmitglied),<br \/>\nBernhard Sch\u00fcling, Herbert Schwiening, Norbert Tischler, Lucas Vohr und Andreas Blank<\/td>\n<\/tr>\n<\/tbody>\n<\/table>\n<p><!-- default-view.php -->\n<div\n\tclass=\"ngg-galleryoverview default-view  ngg-ajax-pagination-none\"\n\tid=\"ngg-gallery-d359c6a66bc1127c4a15affc4ec2df5d-1\">\n\n\t\t<!-- Thumbnails -->\n\t\t\t\t<div id=\"ngg-image-0\" class=\"ngg-gallery-thumbnail-box \" >\n\t\t\t\t        <div class=\"ngg-gallery-thumbnail\">\n            <a href=\"https:\/\/www.heimatverein-gahlen.de\/heimatverein\/wp-content\/gallery\/braugruppe\/cimg3020_0.jpg\"\n               title=\"\"\n               data-src=\"https:\/\/www.heimatverein-gahlen.de\/heimatverein\/wp-content\/gallery\/braugruppe\/cimg3020_0.jpg\"\n               data-thumbnail=\"https:\/\/www.heimatverein-gahlen.de\/heimatverein\/wp-content\/gallery\/braugruppe\/thumbs\/thumbs_cimg3020_0.jpg\"\n               data-image-id=\"83\"\n               data-title=\"cimg3020_0\"\n               data-description=\"\"\n               data-image-slug=\"cimg3020_0\"\n               class=\"shutterset_d359c6a66bc1127c4a15affc4ec2df5d\">\n                <img\n                    title=\"cimg3020_0\"\n                    alt=\"cimg3020_0\"\n                    src=\"https:\/\/www.heimatverein-gahlen.de\/heimatverein\/wp-content\/gallery\/braugruppe\/thumbs\/thumbs_cimg3020_0.jpg\"\n                    width=\"100\"\n                    height=\"75\"\n                    style=\"max-width:100%;\"\n                \/>\n            <\/a>\n        <\/div>\n\t\t\t\t\t\t\t<\/div> \n\t\t\t\n\t\t\t\t<div id=\"ngg-image-1\" class=\"ngg-gallery-thumbnail-box \" >\n\t\t\t\t        <div class=\"ngg-gallery-thumbnail\">\n            <a href=\"https:\/\/www.heimatverein-gahlen.de\/heimatverein\/wp-content\/gallery\/braugruppe\/cimg3022_0.jpg\"\n               title=\"\"\n               data-src=\"https:\/\/www.heimatverein-gahlen.de\/heimatverein\/wp-content\/gallery\/braugruppe\/cimg3022_0.jpg\"\n               data-thumbnail=\"https:\/\/www.heimatverein-gahlen.de\/heimatverein\/wp-content\/gallery\/braugruppe\/thumbs\/thumbs_cimg3022_0.jpg\"\n               data-image-id=\"84\"\n               data-title=\"cimg3022_0\"\n               data-description=\"\"\n               data-image-slug=\"cimg3022_0\"\n               class=\"shutterset_d359c6a66bc1127c4a15affc4ec2df5d\">\n                <img\n                    title=\"cimg3022_0\"\n                    alt=\"cimg3022_0\"\n                    src=\"https:\/\/www.heimatverein-gahlen.de\/heimatverein\/wp-content\/gallery\/braugruppe\/thumbs\/thumbs_cimg3022_0.jpg\"\n                    width=\"100\"\n                    height=\"75\"\n                    style=\"max-width:100%;\"\n                \/>\n            <\/a>\n        <\/div>\n\t\t\t\t\t\t\t<\/div> \n\t\t\t\n\t\t\t\t<div id=\"ngg-image-2\" class=\"ngg-gallery-thumbnail-box \" >\n\t\t\t\t        <div class=\"ngg-gallery-thumbnail\">\n            <a href=\"https:\/\/www.heimatverein-gahlen.de\/heimatverein\/wp-content\/gallery\/braugruppe\/cimg3028_0.jpg\"\n               title=\"\"\n               data-src=\"https:\/\/www.heimatverein-gahlen.de\/heimatverein\/wp-content\/gallery\/braugruppe\/cimg3028_0.jpg\"\n               data-thumbnail=\"https:\/\/www.heimatverein-gahlen.de\/heimatverein\/wp-content\/gallery\/braugruppe\/thumbs\/thumbs_cimg3028_0.jpg\"\n               data-image-id=\"85\"\n               data-title=\"cimg3028_0\"\n               data-description=\"\"\n               data-image-slug=\"cimg3028_0\"\n               class=\"shutterset_d359c6a66bc1127c4a15affc4ec2df5d\">\n                <img\n                    title=\"cimg3028_0\"\n                    alt=\"cimg3028_0\"\n                    src=\"https:\/\/www.heimatverein-gahlen.de\/heimatverein\/wp-content\/gallery\/braugruppe\/thumbs\/thumbs_cimg3028_0.jpg\"\n                    width=\"100\"\n                    height=\"75\"\n                    style=\"max-width:100%;\"\n                \/>\n            <\/a>\n        <\/div>\n\t\t\t\t\t\t\t<\/div> \n\t\t\t\n\t\t\t\t<div id=\"ngg-image-3\" class=\"ngg-gallery-thumbnail-box \" >\n\t\t\t\t        <div class=\"ngg-gallery-thumbnail\">\n            <a href=\"https:\/\/www.heimatverein-gahlen.de\/heimatverein\/wp-content\/gallery\/braugruppe\/cimg3038.jpg\"\n               title=\"\"\n               data-src=\"https:\/\/www.heimatverein-gahlen.de\/heimatverein\/wp-content\/gallery\/braugruppe\/cimg3038.jpg\"\n               data-thumbnail=\"https:\/\/www.heimatverein-gahlen.de\/heimatverein\/wp-content\/gallery\/braugruppe\/thumbs\/thumbs_cimg3038.jpg\"\n               data-image-id=\"87\"\n               data-title=\"cimg3038\"\n               data-description=\"\"\n               data-image-slug=\"cimg3038\"\n               class=\"shutterset_d359c6a66bc1127c4a15affc4ec2df5d\">\n                <img\n                    title=\"cimg3038\"\n                    alt=\"cimg3038\"\n                    src=\"https:\/\/www.heimatverein-gahlen.de\/heimatverein\/wp-content\/gallery\/braugruppe\/thumbs\/thumbs_cimg3038.jpg\"\n                    width=\"100\"\n                    height=\"75\"\n                    style=\"max-width:100%;\"\n                \/>\n            <\/a>\n        <\/div>\n\t\t\t\t\t\t\t<\/div> \n\t\t\t\n\t\t\t\t<div id=\"ngg-image-4\" class=\"ngg-gallery-thumbnail-box \" >\n\t\t\t\t        <div class=\"ngg-gallery-thumbnail\">\n            <a href=\"https:\/\/www.heimatverein-gahlen.de\/heimatverein\/wp-content\/gallery\/braugruppe\/cimg3039.jpg\"\n               title=\"\"\n               data-src=\"https:\/\/www.heimatverein-gahlen.de\/heimatverein\/wp-content\/gallery\/braugruppe\/cimg3039.jpg\"\n               data-thumbnail=\"https:\/\/www.heimatverein-gahlen.de\/heimatverein\/wp-content\/gallery\/braugruppe\/thumbs\/thumbs_cimg3039.jpg\"\n               data-image-id=\"88\"\n               data-title=\"cimg3039\"\n               data-description=\"\"\n               data-image-slug=\"cimg3039\"\n               class=\"shutterset_d359c6a66bc1127c4a15affc4ec2df5d\">\n                <img\n                    title=\"cimg3039\"\n                    alt=\"cimg3039\"\n                    src=\"https:\/\/www.heimatverein-gahlen.de\/heimatverein\/wp-content\/gallery\/braugruppe\/thumbs\/thumbs_cimg3039.jpg\"\n                    width=\"100\"\n                    height=\"75\"\n                    style=\"max-width:100%;\"\n                \/>\n            <\/a>\n        <\/div>\n\t\t\t\t\t\t\t<\/div> \n\t\t\t\n\t\n\t<br style=\"clear: both\" \/>\n\n\t\t<div class=\"slideshowlink\">\n        <a href='https:\/\/www.heimatverein-gahlen.de\/heimatverein\/index.php\/nggallery\/slideshow?page_id=413'>[Zeige als Diashow]<\/a>\n\t\t\n\t<\/div>\n\t\n\t\t<!-- Pagination -->\n\t<div class='ngg-clear'><\/div>\t<\/div>\n<br \/>\n<span style=\"text-decoration: underline;\"><br \/>\n<\/span><\/p>\n<p><a href=\"http:\/\/www.heimatverein-gahlen.de\/heimatverein\/wp-content\/uploads\/photo_braugruppe.jpg\"><img loading=\"lazy\" class=\"aligncenter size-full wp-image-2264\" src=\"http:\/\/www.heimatverein-gahlen.de\/heimatverein\/wp-content\/uploads\/photo_braugruppe.jpg\" alt=\"photo_braugruppe\" width=\"640\" height=\"640\" srcset=\"https:\/\/www.heimatverein-gahlen.de\/heimatverein\/wp-content\/uploads\/photo_braugruppe.jpg 640w, https:\/\/www.heimatverein-gahlen.de\/heimatverein\/wp-content\/uploads\/photo_braugruppe-150x150.jpg 150w, https:\/\/www.heimatverein-gahlen.de\/heimatverein\/wp-content\/uploads\/photo_braugruppe-300x300.jpg 300w\" sizes=\"(max-width: 640px) 100vw, 640px\" \/><\/a><\/p>\n","protected":false},"excerpt":{"rendered":"<p>Die Braugruppe Hopfen und Malz, Gott erhalt`s! Die Braugruppe!&#8220; Seit 2009 braut die Braugruppe des Heimatvereins Gahlen in der ehemaligen Schlachtk\u00fcche auf Kampers (Kamphaus) Hof. Auch der ruin\u00f6se Brand des Hofes Ende 2009 hat uns nicht abhalten k\u00f6nnen einer alten Tradition zu folgen. Teilweise haben wir in 2010 deshalb unter freiem Himmel unser bek\u00f6mmliches herbes [&hellip;]<\/p>\n","protected":false},"author":1,"featured_media":0,"parent":0,"menu_order":0,"comment_status":"open","ping_status":"open","template":"","meta":{"ngg_post_thumbnail":0},"_links":{"self":[{"href":"https:\/\/www.heimatverein-gahlen.de\/heimatverein\/index.php?rest_route=\/wp\/v2\/pages\/413"}],"collection":[{"href":"https:\/\/www.heimatverein-gahlen.de\/heimatverein\/index.php?rest_route=\/wp\/v2\/pages"}],"about":[{"href":"https:\/\/www.heimatverein-gahlen.de\/heimatverein\/index.php?rest_route=\/wp\/v2\/types\/page"}],"author":[{"embeddable":true,"href":"https:\/\/www.heimatverein-gahlen.de\/heimatverein\/index.php?rest_route=\/wp\/v2\/users\/1"}],"replies":[{"embeddable":true,"href":"https:\/\/www.heimatverein-gahlen.de\/heimatverein\/index.php?rest_route=%2Fwp%2Fv2%2Fcomments&post=413"}],"version-history":[{"count":0,"href":"https:\/\/www.heimatverein-gahlen.de\/heimatverein\/index.php?rest_route=\/wp\/v2\/pages\/413\/revisions"}],"wp:attachment":[{"href":"https:\/\/www.heimatverein-gahlen.de\/heimatverein\/index.php?rest_route=%2Fwp%2Fv2%2Fmedia&parent=413"}],"curies":[{"name":"wp","href":"https:\/\/api.w.org\/{rel}","templated":true}]}}

<h2 style="text-align: center;"><span style="text-decoration: underline;"><strong><span style="font-size: medium;">Die Braugruppe</span></strong></span></h2>
<p><em>Hopfen und Malz, Gott erhalt`s</em>!</p>
<table style="width: 72.347%; height: 582px;" border="0">
<tbody>
<tr style="height: 426px;">
<td style="border: 2px solid #f5deb3; height: 426px;" colspan="2" align="center">Die Braugruppe!&#8220; Seit 2009 braut die Braugruppe des Heimatvereins Gahlen in der ehemaligen Schlachtküche auf Kampers (Kamphaus) Hof. Auch der ruinöse Brand des Hofes Ende 2009 hat uns nicht abhalten können einer alten Tradition zu folgen.<br />
Teilweise haben wir in 2010 deshalb unter freiem Himmel unser bekömmliches herbes Bier gebraut. Das obergährige helle &#8222;Gölze Lippe&#8220; hat einen 85%igen Pilsner Gerstenmalzanteil und 15% Weizenmalz (hell), was dem Bier eine leichte natürliche Trübung verleiht. Der Hopfen stammt aus der Hellertau, einem bayrischen Traditionsanbaugebiet. Alle Zutaten sind biologisch kontrolliert angebaut. Die Braugruppe fühlt sich etwa sechs mal jährlich dem deutschen Reinheitsgebot verpflichtet und braut dann jeweils etwa 150 Liter des naturbelassenen ungefilterten Bieres.<br />
Wer braucht da noch Industriebier? In diesem Sinne, Hopfen und Malz &#8211; Gott erhalts &#8211; oder einfach GUT SUD!</p>
<p><img loading="lazy" class="size-full wp-image-743 aligncenter" title="CIMG3022" src="http://www.heimatverein-gahlen.de/heimatverein/wp-content/uploads/CIMG30221.JPG" alt="CIMG3022" width="255" height="341" srcset="https://www.heimatverein-gahlen.de/heimatverein/wp-content/uploads/CIMG30221.JPG 2112w, https://www.heimatverein-gahlen.de/heimatverein/wp-content/uploads/CIMG30221-225x300.jpg 225w, https://www.heimatverein-gahlen.de/heimatverein/wp-content/uploads/CIMG30221-768x1024.jpg 768w" sizes="(max-width: 255px) 100vw, 255px" /></td>
</tr>
<tr style="height: 68px;">
<td style="border: 1px solid #000000; background-color: #f5deb3; height: 68px;" align="center"><strong>Termine</strong></td>
<td style="border: 1px solid #000000; background-color: #f5deb3; height: 68px;" align="center">Nach Absprache im Gemeindebrauhaus auf „Kampers Hof“</td>
</tr>
<tr style="height: 24px;">
<td style="border: 1px solid #000000; background-color: #f5deb3; height: 24px;" align="center"><strong>Leitung</strong></td>
<td style="border: 1px solid #000000; background-color: #f5deb3; height: 24px;" align="center">Andreas Blank (02853 / 861064)</td>
</tr>
<tr style="height: 64px;">
<td style="border: 1px solid #000000; background-color: #f5deb3; height: 64px;" align="center"><strong>Mitglieder</strong></td>
<td style="border: 1px solid #000000; background-color: #f5deb3; height: 64px;" align="center">Ludwig Buß, Reiner Endemann, Tom Jahnke, Bernd Koch, Stefan Krüger,<br />
Hermann Mönnighoff (stellv. Leitung), Dieter Overhageböck (Gründungsmitglied),<br />
Bernhard Schüling, Herbert Schwiening, Norbert Tischler, Lucas Vohr und Andreas Blank</td>
</tr>
</tbody>
</table>
<p><!-- default-view.php -->
<div
	class="ngg-galleryoverview default-view  ngg-ajax-pagination-none"
	id="ngg-gallery-d359c6a66bc1127c4a15affc4ec2df5d-1">

		<!-- Thumbnails -->
				<div id="ngg-image-0" class="ngg-gallery-thumbnail-box " >
				        <div class="ngg-gallery-thumbnail">
            <a href="https://www.heimatverein-gahlen.de/heimatverein/wp-content/gallery/braugruppe/cimg3020_0.jpg"
               title=""
               data-src="https://www.heimatverein-gahlen.de/heimatverein/wp-content/gallery/braugruppe/cimg3020_0.jpg"
               data-thumbnail="https://www.heimatverein-gahlen.de/heimatverein/wp-content/gallery/braugruppe/thumbs/thumbs_cimg3020_0.jpg"
               data-image-id="83"
               data-title="cimg3020_0"
               data-description=""
               data-image-slug="cimg3020_0"
               class="shutterset_d359c6a66bc1127c4a15affc4ec2df5d">
                <img
                    title="cimg3020_0"
                    alt="cimg3020_0"
                    src="https://www.heimatverein-gahlen.de/heimatverein/wp-content/gallery/braugruppe/thumbs/thumbs_cimg3020_0.jpg"
                    width="100"
                    height="75"
                    style="max-width:100%;"
                />
            </a>
        </div>
							</div> 
			
				<div id="ngg-image-1" class="ngg-gallery-thumbnail-box " >
				        <div class="ngg-gallery-thumbnail">
            <a href="https://www.heimatverein-gahlen.de/heimatverein/wp-content/gallery/braugruppe/cimg3022_0.jpg"
               title=""
               data-src="https://www.heimatverein-gahlen.de/heimatverein/wp-content/gallery/braugruppe/cimg3022_0.jpg"
               data-thumbnail="https://www.heimatverein-gahlen.de/heimatverein/wp-content/gallery/braugruppe/thumbs/thumbs_cimg3022_0.jpg"
               data-image-id="84"
               data-title="cimg3022_0"
               data-description=""
               data-image-slug="cimg3022_0"
               class="shutterset_d359c6a66bc1127c4a15affc4ec2df5d">
                <img
                    title="cimg3022_0"
                    alt="cimg3022_0"
                    src="https://www.heimatverein-gahlen.de/heimatverein/wp-content/gallery/braugruppe/thumbs/thumbs_cimg3022_0.jpg"
                    width="100"
                    height="75"
                    style="max-width:100%;"
                />
            </a>
        </div>
							</div> 
			
				<div id="ngg-image-2" class="ngg-gallery-thumbnail-box " >
				        <div class="ngg-gallery-thumbnail">
            <a href="https://www.heimatverein-gahlen.de/heimatverein/wp-content/gallery/braugruppe/cimg3028_0.jpg"
               title=""
               data-src="https://www.heimatverein-gahlen.de/heimatverein/wp-content/gallery/braugruppe/cimg3028_0.jpg"
               data-thumbnail="https://www.heimatverein-gahlen.de/heimatverein/wp-content/gallery/braugruppe/thumbs/thumbs_cimg3028_0.jpg"
               data-image-id="85"
               data-title="cimg3028_0"
               data-description=""
               data-image-slug="cimg3028_0"
               class="shutterset_d359c6a66bc1127c4a15affc4ec2df5d">
                <img
                    title="cimg3028_0"
                    alt="cimg3028_0"
                    src="https://www.heimatverein-gahlen.de/heimatverein/wp-content/gallery/braugruppe/thumbs/thumbs_cimg3028_0.jpg"
                    width="100"
                    height="75"
                    style="max-width:100%;"
                />
            </a>
        </div>
							</div> 
			
				<div id="ngg-image-3" class="ngg-gallery-thumbnail-box " >
				        <div class="ngg-gallery-thumbnail">
            <a href="https://www.heimatverein-gahlen.de/heimatverein/wp-content/gallery/braugruppe/cimg3038.jpg"
               title=""
               data-src="https://www.heimatverein-gahlen.de/heimatverein/wp-content/gallery/braugruppe/cimg3038.jpg"
               data-thumbnail="https://www.heimatverein-gahlen.de/heimatverein/wp-content/gallery/braugruppe/thumbs/thumbs_cimg3038.jpg"
               data-image-id="87"
               data-title="cimg3038"
               data-description=""
               data-image-slug="cimg3038"
               class="shutterset_d359c6a66bc1127c4a15affc4ec2df5d">
                <img
                    title="cimg3038"
                    alt="cimg3038"
                    src="https://www.heimatverein-gahlen.de/heimatverein/wp-content/gallery/braugruppe/thumbs/thumbs_cimg3038.jpg"
                    width="100"
                    height="75"
                    style="max-width:100%;"
                />
            </a>
        </div>
							</div> 
			
				<div id="ngg-image-4" class="ngg-gallery-thumbnail-box " >
				        <div class="ngg-gallery-thumbnail">
            <a href="https://www.heimatverein-gahlen.de/heimatverein/wp-content/gallery/braugruppe/cimg3039.jpg"
               title=""
               data-src="https://www.heimatverein-gahlen.de/heimatverein/wp-content/gallery/braugruppe/cimg3039.jpg"
               data-thumbnail="https://www.heimatverein-gahlen.de/heimatverein/wp-content/gallery/braugruppe/thumbs/thumbs_cimg3039.jpg"
               data-image-id="88"
               data-title="cimg3039"
               data-description=""
               data-image-slug="cimg3039"
               class="shutterset_d359c6a66bc1127c4a15affc4ec2df5d">
                <img
                    title="cimg3039"
                    alt="cimg3039"
                    src="https://www.heimatverein-gahlen.de/heimatverein/wp-content/gallery/braugruppe/thumbs/thumbs_cimg3039.jpg"
                    width="100"
                    height="75"
                    style="max-width:100%;"
                />
            </a>
        </div>
							</div> 
			
	
	<br style="clear: both" />

		<div class="slideshowlink">
        <a href='https://www.heimatverein-gahlen.de/heimatverein/index.php/nggallery/slideshow?page_id=413'>[Zeige als Diashow]</a>
		
	</div>
	
		<!-- Pagination -->
	<div class='ngg-clear'></div>	</div>
<br />
<span style="text-decoration: underline;"><br />
</span></p>
<p><a href="http://www.heimatverein-gahlen.de/heimatverein/wp-content/uploads/photo_braugruppe.jpg"><img loading="lazy" class="aligncenter size-full wp-image-2264" src="http://www.heimatverein-gahlen.de/heimatverein/wp-content/uploads/photo_braugruppe.jpg" alt="photo_braugruppe" width="640" height="640" srcset="https://www.heimatverein-gahlen.de/heimatverein/wp-content/uploads/photo_braugruppe.jpg 640w, https://www.heimatverein-gahlen.de/heimatverein/wp-content/uploads/photo_braugruppe-150x150.jpg 150w, https://www.heimatverein-gahlen.de/heimatverein/wp-content/uploads/photo_braugruppe-300x300.jpg 300w" sizes="(max-width: 640px) 100vw, 640px" /></a></p>

<p>Die Braugruppe Hopfen und Malz, Gott erhalt`s! Die Braugruppe!&#8220; Seit 2009 braut die Braugruppe des Heimatvereins Gahlen in der ehemaligen Schlachtküche auf Kampers (Kamphaus) Hof. Auch der ruinöse Brand des Hofes Ende 2009 hat uns nicht abhalten können einer alten Tradition zu folgen. Teilweise haben wir in 2010 deshalb unter freiem Himmel unser bekömmliches herbes [&hellip;]</p>
